{"id":1033,"date":"2015-11-27T08:43:15","date_gmt":"2015-11-27T06:43:15","guid":{"rendered":"https:\/\/tostamaa.edu.ee\/?page_id=1033"},"modified":"2025-09-16T12:51:26","modified_gmt":"2025-09-16T10:51:26","slug":"maaturismikorralduse-kursus","status":"publish","type":"page","link":"https:\/\/tostamaa.edu.ee\/?page_id=1033","title":{"rendered":"Valikkursused"},"content":{"rendered":"<p>Alates 2022\/2023 \u00f5ppeaastast pakume g\u00fcmnasistidele valikkursusi koost\u00f6\u00f6s\u00a0<a href=\"https:\/\/parnu.ut.ee\/et\"><strong>Tartu \u00dclikooli P\u00e4rnu kolled\u017eiga. <\/strong><\/a>Kursuste nimistu vaadatakse \u00fcle iga \u00f5ppeaasta alguses ning see s\u00f5ltub \u00fclikooli v\u00f5imekusest ning kooli eelarveliste vahendite olemasolust. Koost\u00f6\u00f6partnerina on koolis valikkursusi pakkumas veel Licence Baltic O\u00dc (jalgratturi\u00f5pe), <a href=\"https:\/\/autosoit.ee\/\">Autos\u00f5it O\u00dc (autokool)<\/a><\/p>\n<hr \/>\n<p><span style=\"font-weight: 400;\">T\u00f5stamaa Keskkooli \u00f5ppekava programmis oli pikki aastaid \u00f5ppesuunana turismi\u00f5pe, t\u00e4naseks maaturismi\u00f5pet ei pakuta.\u00a0<\/span><\/p>\n<p><span style=\"font-weight: 400;\">Maaturismikorralduse\u00a0 p\u00f5hir\u00f5hk oli piirkondlikul turismimajandusel ja kohalikel ettev\u00f5tetel. \u00d5ppekava kuraatoriks oli Raili Mengel MT\u00dc Maaturism. Tema eestvedamisel oli \u00f5ppesse kaasatud turismi asjatundjaid \u00fcle Eesti ning toimis koost\u00f6\u00f6 P\u00e4rnu Kolled\u017ei \u00f5ppej\u00f5ududega.<\/span><\/p>\n<p><span style=\"font-weight: 400;\">Maaturismikorralduse kursuse l\u00e4binud g\u00fcmnasistid said teadmisi majandus- ja ettev\u00f5tlusest, klienditeenindusest, asjaajamisest, turismimajandusest, turismigeograafiast, maaturismi korraldusest ning toitlustuskorraldusest. <\/span><\/p>\n<p><span style=\"font-weight: 400;\">Olulise osa \u00f5ppe mahust moodustasid \u00f5ppek\u00e4igud, millede \u00fclesandeks oli teoreetiliste ja praktiliste kogemuste \u00fchildamine ning parimate praktikute kogemustest \u00f5ppimine.<\/span><\/p>\n<p><span style=\"font-weight: 400;\">\u00d5ppe \u00fcldiseks eesm\u00e4rgiks oli eelk\u00f5ige side turimi- ja majandusvaldkonna ettev\u00f5tetega, et \u00f5ppida tundma majanduses toimuvaid protsesse, majandusseadusi, orienteerumist \u00e4rimaailmas ja ettev\u00f5tluses, aitamaks \u00f5pilastel m\u00f5ista turismimajanduse t\u00e4htsust, ettev\u00f5tluse rolli globaalmajanduses ja samas ka vastutust piirkondlike probleemide lahendamise ees ning v\u00e4\u00e4rtustada hariduse t\u00e4htsust t\u00f6\u00f6kohal ja elukestvat \u00f5pet.<\/span><\/p>\n<p><a href=\"https:\/\/tostamaa.edu.ee\/wp-content\/uploads\/2015\/12\/maaturismi_\u00f5ppep\u00e4ev3_071215.jpg\"><img decoding=\"async\" loading=\"lazy\" class=\"alignnone size-full wp-image-1064\" src=\"https:\/\/tostamaa.edu.ee\/wp-content\/uploads\/2015\/12\/maaturismi_\u00f5ppep\u00e4ev3_071215.jpg\" alt=\"maaturismi_\u00f5ppep\u00e4ev3_071215\" width=\"2048\" height=\"1233\" srcset=\"https:\/\/tostamaa.edu.ee\/wp-content\/uploads\/2015\/12\/maaturismi_\u00f5ppep\u00e4ev3_071215.jpg 2048w, https:\/\/tostamaa.edu.ee\/wp-content\/uploads\/2015\/12\/maaturismi_\u00f5ppep\u00e4ev3_071215-300x181.jpg 300w, https:\/\/tostamaa.edu.ee\/wp-content\/uploads\/2015\/12\/maaturismi_\u00f5ppep\u00e4ev3_071215-1024x617.jpg 1024w\" sizes=\"(max-width: 2048px) 100vw, 2048px\" \/><\/a><\/p>\n<p><a href=\"https:\/\/tostamaa.edu.ee\/wp-content\/uploads\/2019\/05\/raimewest-547.jpg\"><img decoding=\"async\" loading=\"lazy\" class=\"aligncenter size-full wp-image-4411\" src=\"https:\/\/tostamaa.edu.ee\/wp-content\/uploads\/2019\/05\/raimewest-547.jpg\" alt=\"\" width=\"2560\" height=\"1707\" srcset=\"https:\/\/tostamaa.edu.ee\/wp-content\/uploads\/2019\/05\/raimewest-547.jpg 2560w, https:\/\/tostamaa.edu.ee\/wp-content\/uploads\/2019\/05\/raimewest-547-300x200.jpg 300w, https:\/\/tostamaa.edu.ee\/wp-content\/uploads\/2019\/05\/raimewest-547-768x512.jpg 768w, https:\/\/tostamaa.edu.ee\/wp-content\/uploads\/2019\/05\/raimewest-547-1024x683.jpg 1024w\" sizes=\"(max-width: 2560px) 100vw, 2560px\" \/><\/a><\/p>\n<p><a href=\"https:\/\/tostamaa.edu.ee\/wp-content\/uploads\/2016\/05\/m\u00f5isakohvik_r\u00e4imewest.jpg\"><img decoding=\"async\" loading=\"lazy\" class=\"alignnone size-full wp-image-1555\" src=\"https:\/\/tostamaa.edu.ee\/wp-content\/uploads\/2016\/05\/m\u00f5isakohvik_r\u00e4imewest.jpg\" alt=\"m\u00f5isakohvik_r\u00e4imewest\" width=\"2048\" height=\"1365\" srcset=\"https:\/\/tostamaa.edu.ee\/wp-content\/uploads\/2016\/05\/m\u00f5isakohvik_r\u00e4imewest.jpg 2048w, https:\/\/tostamaa.edu.ee\/wp-content\/uploads\/2016\/05\/m\u00f5isakohvik_r\u00e4imewest-300x200.jpg 300w, https:\/\/tostamaa.edu.ee\/wp-content\/uploads\/2016\/05\/m\u00f5isakohvik_r\u00e4imewest-1024x683.jpg 1024w\" sizes=\"(max-width: 2048px) 100vw, 2048px\" \/><\/a><\/p>\n<div id=\"attachment_1034\" style=\"width: 1920px\" class=\"wp-caption alignnone\"><a href=\"https:\/\/tostamaa.edu.ee\/wp-content\/uploads\/2015\/11\/turismi\u00f5ppep\u00e4ev.jpg\"><img aria-describedby=\"caption-attachment-1034\" decoding=\"async\" loading=\"lazy\" class=\"size-full wp-image-1034\" src=\"https:\/\/tostamaa.edu.ee\/wp-content\/uploads\/2015\/11\/turismi\u00f5ppep\u00e4ev.jpg\" alt=\"OLYMPUS DIGITAL CAMERA\" width=\"1920\" height=\"2560\" srcset=\"https:\/\/tostamaa.edu.ee\/wp-content\/uploads\/2015\/11\/turismi\u00f5ppep\u00e4ev.jpg 1920w, https:\/\/tostamaa.edu.ee\/wp-content\/uploads\/2015\/11\/turismi\u00f5ppep\u00e4ev-225x300.jpg 225w, https:\/\/tostamaa.edu.ee\/wp-content\/uploads\/2015\/11\/turismi\u00f5ppep\u00e4ev-768x1024.jpg 768w\" sizes=\"(max-width: 1920px) 100vw, 1920px\" \/><\/a><p id=\"caption-attachment-1034\" class=\"wp-caption-text\">G\u00fcmnasistid k\u00fclas Vaiste Rannah\u00e4\u00e4rberis<\/p><\/div>\n","protected":false},"excerpt":{"rendered":"<p>Alates 2022\/2023 \u00f5ppeaastast pakume g\u00fcmnasistidele valikkursusi koost\u00f6\u00f6s\u00a0Tartu \u00dclikooli P\u00e4rnu kolled\u017eiga. Kursuste nimistu vaadatakse \u00fcle iga \u00f5ppeaasta alguses ning see s\u00f5ltub \u00fclikooli v\u00f5imekusest ning kooli eelarveliste vahendite olemasolust. Koost\u00f6\u00f6partnerina on koolis valikkursusi pakkumas veel Licence Baltic O\u00dc (jalgratturi\u00f5pe), Autos\u00f5it O\u00dc (autokool) T\u00f5stamaa Keskkooli \u00f5ppekava programmis oli pikki aastaid \u00f5ppesuunana turismi\u00f5pe, t\u00e4naseks maaturismi\u00f5pet ei pakuta.\u00a0 Maaturismikorralduse\u00a0 p\u00f5hir\u00f5hk &hellip; <\/p>\n<p><a class=\"more-link btn\" href=\"https:\/\/tostamaa.edu.ee\/?page_id=1033\">J\u00e4tka lugemist<\/a><\/p>\n","protected":false},"author":1,"featured_media":0,"parent":17,"menu_order":0,"comment_status":"closed","ping_status":"closed","template":"","meta":{"footnotes":""},"_links":{"self":[{"href":"https:\/\/tostamaa.edu.ee\/index.php?rest_route=\/wp\/v2\/pages\/1033"}],"collection":[{"href":"https:\/\/tostamaa.edu.ee\/index.php?rest_route=\/wp\/v2\/pages"}],"about":[{"href":"https:\/\/tostamaa.edu.ee\/index.php?rest_route=\/wp\/v2\/types\/page"}],"author":[{"embeddable":true,"href":"https:\/\/tostamaa.edu.ee\/index.php?rest_route=\/wp\/v2\/users\/1"}],"replies":[{"embeddable":true,"href":"https:\/\/tostamaa.edu.ee\/index.php?rest_route=%2Fwp%2Fv2%2Fcomments&post=1033"}],"version-history":[{"count":5,"href":"https:\/\/tostamaa.edu.ee\/index.php?rest_route=\/wp\/v2\/pages\/1033\/revisions"}],"predecessor-version":[{"id":9330,"href":"https:\/\/tostamaa.edu.ee\/index.php?rest_route=\/wp\/v2\/pages\/1033\/revisions\/9330"}],"up":[{"embeddable":true,"href":"https:\/\/tostamaa.edu.ee\/index.php?rest_route=\/wp\/v2\/pages\/17"}],"wp:attachment":[{"href":"https:\/\/tostamaa.edu.ee\/index.php?rest_route=%2Fwp%2Fv2%2Fmedia&parent=1033"}],"curies":[{"name":"wp","href":"https:\/\/api.w.org\/{rel}","templated":true}]}}