{"id":19,"date":"2015-01-29T15:44:35","date_gmt":"2015-01-29T17:44:35","guid":{"rendered":"https:\/\/tostamaa.edu.ee\/?page_id=19"},"modified":"2016-02-29T11:33:56","modified_gmt":"2016-02-29T09:33:56","slug":"comenius-2013-2016","status":"publish","type":"page","link":"https:\/\/tostamaa.edu.ee\/?page_id=19","title":{"rendered":"Comenius 2013 &#8211; 2015"},"content":{"rendered":"<p>T\u00f5stamaa Keskkool osales elukestva \u00f5ppe programmi allprogrammi Comeniuse projektis<br \/>\n<strong>&#8220;Healthy body &#8211; healthy mind&#8221;<\/strong> Projekti kestvuseks \u00a0oli 2013 &#8211; 2015<\/p>\n<p><a href=\"https:\/\/hbodyhmind.wordpress.com\/\"><img decoding=\"async\" loading=\"lazy\" class=\"alignnone size-full wp-image-370\" src=\"https:\/\/tostamaa.edu.ee\/wp-content\/uploads\/2015\/01\/HBHM-koduka-p\u00e4is.jpg\" alt=\"HBHM koduka p\u00e4is\" width=\"942\" height=\"200\" srcset=\"https:\/\/tostamaa.edu.ee\/wp-content\/uploads\/2015\/01\/HBHM-koduka-p\u00e4is.jpg 942w, https:\/\/tostamaa.edu.ee\/wp-content\/uploads\/2015\/01\/HBHM-koduka-p\u00e4is-300x64.jpg 300w\" sizes=\"(max-width: 942px) 100vw, 942px\" \/><\/a><\/p>\n<p>Projekti kodulehek\u00fclg:\u00a0<a href=\"http:\/\/hbodyhmind.wordpress.com\/\">http:\/\/hbodyhmind.wordpress.com\/<\/a><\/p>\n<p>osalenud koolid:<\/p>\n<table style=\"height: 374px;\" width=\"501\">\n<tbody>\n<tr>\n<td>1<\/td>\n<td>BULGARIA<\/td>\n<td>Bratia Petar I Ivan Kanazirevi<br \/>\nSredno Obshtoobrazovatelno<br \/>\nUchilishte<\/td>\n<\/tr>\n<tr>\n<td>2<\/td>\n<td>ESTONIA<\/td>\n<td>T\u00f5stamaa Keskkool<\/td>\n<\/tr>\n<tr>\n<td>3<\/td>\n<td>GERMANY<\/td>\n<td>Julius-Springer-Schule<\/td>\n<\/tr>\n<tr>\n<td>4<\/td>\n<td>GERMANY<\/td>\n<td>Michelsenschule Hildesheim<\/td>\n<\/tr>\n<tr>\n<td>5<\/td>\n<td>HUNGARY<\/td>\n<td>Klapka Gy\u00f6rgy Szakk\u00f6z\u00e9p<br \/>\n\u00e9s Szakiskola Kossuth<br \/>\nLajos Tagint\u00e9zm\u00e9nye<\/td>\n<\/tr>\n<tr>\n<td>6<\/td>\n<td>PORTUGAL<\/td>\n<td>Dr. Francisco Fernandes<br \/>\nLopes Secondary School<\/td>\n<\/tr>\n<tr>\n<td>7<\/td>\n<td>ROMANIA<\/td>\n<td>COLEGIUL NATIONAL<br \/>\n\u201cTUDOR ARGHEZI\u201d<\/td>\n<\/tr>\n<tr>\n<td>8<\/td>\n<td>TURKEY<\/td>\n<td>AKSU KIZ TEKN\u0130K<br \/>\nVE MESLEK L\u0130SES\u0130<\/td>\n<\/tr>\n<tr>\n<td>9<\/td>\n<td>UNITED KINGDOM<\/td>\n<td>Wellacre Technology Academy<\/td>\n<\/tr>\n<\/tbody>\n<\/table>\n<p><a href=\"https:\/\/tostamaa.edu.ee\/wp-content\/uploads\/2015\/01\/opilased_antalyas.jpg\"><img decoding=\"async\" loading=\"lazy\" class=\"alignnone size-full wp-image-372\" src=\"https:\/\/tostamaa.edu.ee\/wp-content\/uploads\/2015\/01\/opilased_antalyas.jpg\" alt=\"opilased_antalyas\" width=\"1449\" height=\"960\" srcset=\"https:\/\/tostamaa.edu.ee\/wp-content\/uploads\/2015\/01\/opilased_antalyas.jpg 1449w, https:\/\/tostamaa.edu.ee\/wp-content\/uploads\/2015\/01\/opilased_antalyas-300x199.jpg 300w, https:\/\/tostamaa.edu.ee\/wp-content\/uploads\/2015\/01\/opilased_antalyas-1024x678.jpg 1024w\" sizes=\"(max-width: 1449px) 100vw, 1449px\" \/><\/a><\/p>\n<p><a href=\"http:\/\/ec.europa.eu\/education\/\"><img decoding=\"async\" loading=\"lazy\" class=\"alignnone size-full wp-image-373\" src=\"https:\/\/tostamaa.edu.ee\/wp-content\/uploads\/2015\/01\/comenius-llp-logo-jpg.jpg\" alt=\"comenius-llp-logo-jpg\" width=\"1122\" height=\"454\" srcset=\"https:\/\/tostamaa.edu.ee\/wp-content\/uploads\/2015\/01\/comenius-llp-logo-jpg.jpg 1122w, https:\/\/tostamaa.edu.ee\/wp-content\/uploads\/2015\/01\/comenius-llp-logo-jpg-300x121.jpg 300w, https:\/\/tostamaa.edu.ee\/wp-content\/uploads\/2015\/01\/comenius-llp-logo-jpg-1024x414.jpg 1024w\" sizes=\"(max-width: 1122px) 100vw, 1122px\" \/><\/a><\/p>\n<div class=\"embed-container\"><iframe loading=\"lazy\" title=\"HAPPY\" width=\"944\" height=\"531\" src=\"https:\/\/www.youtube.com\/embed\/MCQPxkCDR6s?feature=oembed\" frameborder=\"0\" allow=\"accelerometer; autoplay; clipboard-write; encrypted-media; gyroscope; picture-in-picture; web-share\" allowfullscreen><\/iframe><\/div>\n<div class=\"embed-container\"><iframe loading=\"lazy\" title=\"HEALTHY BODY HEALTHY MIND 2\" width=\"944\" height=\"531\" src=\"https:\/\/www.youtube.com\/embed\/qMT7grJsBTE?feature=oembed\" frameborder=\"0\" allow=\"accelerometer; autoplay; clipboard-write; encrypted-media; gyroscope; picture-in-picture; web-share\" allowfullscreen><\/iframe><\/div>\n<p><a href=\"https:\/\/goo.gl\/photos\/TX45TQ6ucYbGgr1j7\"><img decoding=\"async\" loading=\"lazy\" class=\"alignnone wp-image-777 size-large\" src=\"https:\/\/tostamaa.edu.ee\/wp-content\/uploads\/2015\/09\/plakat-1024x630.jpg\" alt=\"plakat\" width=\"1024\" height=\"630\" srcset=\"https:\/\/tostamaa.edu.ee\/wp-content\/uploads\/2015\/09\/plakat-1024x630.jpg 1024w, https:\/\/tostamaa.edu.ee\/wp-content\/uploads\/2015\/09\/plakat-300x184.jpg 300w, https:\/\/tostamaa.edu.ee\/wp-content\/uploads\/2015\/09\/plakat.jpg 1561w\" sizes=\"(max-width: 1024px) 100vw, 1024px\" \/><\/a><\/p>\n","protected":false},"excerpt":{"rendered":"<p>T\u00f5stamaa Keskkool osales elukestva \u00f5ppe programmi allprogrammi Comeniuse projektis &#8220;Healthy body &#8211; healthy mind&#8221; Projekti kestvuseks \u00a0oli 2013 &#8211; 2015 Projekti kodulehek\u00fclg:\u00a0http:\/\/hbodyhmind.wordpress.com\/ osalenud koolid: 1 BULGARIA Bratia Petar I Ivan Kanazirevi Sredno Obshtoobrazovatelno Uchilishte 2 ESTONIA T\u00f5stamaa Keskkool 3 GERMANY Julius-Springer-Schule 4 GERMANY Michelsenschule Hildesheim 5 HUNGARY Klapka Gy\u00f6rgy Szakk\u00f6z\u00e9p \u00e9s Szakiskola Kossuth Lajos Tagint\u00e9zm\u00e9nye &hellip; <\/p>\n<p><a class=\"more-link btn\" href=\"https:\/\/tostamaa.edu.ee\/?page_id=19\">J\u00e4tka lugemist<\/a><\/p>\n","protected":false},"author":1,"featured_media":0,"parent":2,"menu_order":0,"comment_status":"closed","ping_status":"open","template":"","meta":{"footnotes":""},"_links":{"self":[{"href":"https:\/\/tostamaa.edu.ee\/index.php?rest_route=\/wp\/v2\/pages\/19"}],"collection":[{"href":"https:\/\/tostamaa.edu.ee\/index.php?rest_route=\/wp\/v2\/pages"}],"about":[{"href":"https:\/\/tostamaa.edu.ee\/index.php?rest_route=\/wp\/v2\/types\/page"}],"author":[{"embeddable":true,"href":"https:\/\/tostamaa.edu.ee\/index.php?rest_route=\/wp\/v2\/users\/1"}],"replies":[{"embeddable":true,"href":"https:\/\/tostamaa.edu.ee\/index.php?rest_route=%2Fwp%2Fv2%2Fcomments&post=19"}],"version-history":[{"count":5,"href":"https:\/\/tostamaa.edu.ee\/index.php?rest_route=\/wp\/v2\/pages\/19\/revisions"}],"predecessor-version":[{"id":1303,"href":"https:\/\/tostamaa.edu.ee\/index.php?rest_route=\/wp\/v2\/pages\/19\/revisions\/1303"}],"up":[{"embeddable":true,"href":"https:\/\/tostamaa.edu.ee\/index.php?rest_route=\/wp\/v2\/pages\/2"}],"wp:attachment":[{"href":"https:\/\/tostamaa.edu.ee\/index.php?rest_route=%2Fwp%2Fv2%2Fmedia&parent=19"}],"curies":[{"name":"wp","href":"https:\/\/api.w.org\/{rel}","templated":true}]}}