{"id":2550,"date":"2017-04-04T14:19:22","date_gmt":"2017-04-04T12:19:22","guid":{"rendered":"https:\/\/tostamaa.edu.ee\/?page_id=2550"},"modified":"2017-04-04T14:26:30","modified_gmt":"2017-04-04T12:26:30","slug":"kohtinguvagivald","status":"publish","type":"page","link":"https:\/\/tostamaa.edu.ee\/?page_id=2550","title":{"rendered":"Kohtinguv\u00e4givald"},"content":{"rendered":"<p><em><strong>Kuidas ja kust leida abi?<\/strong> <\/em><\/p>\n<p>&nbsp;<\/p>\n<ul>\n<li>1<b>12 <\/b>Politsei, <a href=\"http:\/\/www.politsei.ee\/\">http:\/\/www.politsei.ee\/<\/a><\/li>\n<li><b>\u00a0Veebikonstaabel <\/b><a href=\"http:\/\/www.politsei.ee\/veebikonstaabel\/\"><u>http:\/\/www.politsei.ee\/veebikonstaabel\/<\/u><\/a><\/li>\n<li><b>116111 <\/b>\u00dcle-eestiline lasteabitelefon, <a href=\"http:\/\/www.lasteabi.ee\/\">http:\/\/www.lasteabi.ee\/<\/a><\/li>\n<li><b>646 0770<\/b> \u00a0Lapsemure infotelefon, <a href=\"http:\/\/www.lapsemure.ee\/\">http:\/\/www.lapsemure.ee\/<\/a><\/li>\n<li>1<b>26 <\/b>Usaldustelefon (eesti keeles) E-P 13.00-03.00, <a href=\"http:\/\/www.usaldus.ee\/\">http:\/\/www.usaldus.ee\/<\/a><\/li>\n<li><b>127<\/b> Usaldustelefon (vene keeles) E-P 19.00-23.00<\/li>\n<li><b>646 6666<\/b> Noorte Usaldustelefon N &#8211; L 19.00-22.00<\/li>\n<li><b>6558 088<\/b> Eluliini usaldustelefon<\/li>\n<li><b>1492<\/b> &#8211; \u00dcleriigiline tugitelefon f\u00fc\u00fcsilist, vaimset, majanduslikku ja\/v\u00f5i seksuaalset v\u00e4givalda kogenud naistele.<\/li>\n<li><b>Ohvriabi <\/b><a href=\"http:\/\/ensib.ee\/ohvriabi-tootajate-kontaktandmed-4\/\">http:\/\/ensib.ee\/ohvriabi-tootajate-kontaktandmed-4\/<\/a><\/li>\n<li><b>Noorte n\u00f5ustamiskeskused<\/b> <a href=\"http:\/\/www.amor.ee\/17226\"><u>http:\/\/www.amor.ee\/17226<\/u><\/a><\/li>\n<li><b>Eesti Naiste Varjupaikade Liit<\/b><a href=\"http:\/\/naisteliin.ee\/\"> http:\/\/naisteliin.ee\/<\/a><\/li>\n<li><b>4451145 \/ 53039077 <\/b>P\u00e4rnu Ohvriabi <a href=\"mailto:reelika.ruubel@sotsiaalkindlustusamet.ee\">reelika.ruubel@sotsiaalkindlustusamet.ee<\/a><\/li>\n<li><b>12 3509<\/b> noorsoopolitseinik Karmen Raud <a href=\"mailto:karmen.raud@politsei.ee\">karmen.raud@politsei.ee<\/a><\/li>\n<\/ul>\n<div><\/div>\n<div>Lisaks:<\/div>\n<ul>\n<li><b>58860710<\/b> P\u00e4rnu Rajaleidja,<a href=\"http:\/\/www.rajaleidja.ee\/parnu\"> www.rajaleidja.ee\/parnu<\/a><\/li>\n<li><b>4445362<\/b> Noorte N\u00f5ustamiskabinet<\/li>\n<\/ul>\n<p>&nbsp;<\/p>\n","protected":false},"excerpt":{"rendered":"<p>Kuidas ja kust leida abi? &nbsp; 112 Politsei, http:\/\/www.politsei.ee\/ \u00a0Veebikonstaabel http:\/\/www.politsei.ee\/veebikonstaabel\/ 116111 \u00dcle-eestiline lasteabitelefon, http:\/\/www.lasteabi.ee\/ 646 0770 \u00a0Lapsemure infotelefon, http:\/\/www.lapsemure.ee\/ 126 Usaldustelefon (eesti keeles) E-P 13.00-03.00, http:\/\/www.usaldus.ee\/ 127 Usaldustelefon (vene keeles) E-P 19.00-23.00 646 6666 Noorte Usaldustelefon N &#8211; L 19.00-22.00 6558 088 Eluliini usaldustelefon 1492 &#8211; \u00dcleriigiline tugitelefon f\u00fc\u00fcsilist, vaimset, majanduslikku ja\/v\u00f5i seksuaalset v\u00e4givalda &hellip; <\/p>\n<p><a class=\"more-link btn\" href=\"https:\/\/tostamaa.edu.ee\/?page_id=2550\">J\u00e4tka lugemist<\/a><\/p>\n","protected":false},"author":3,"featured_media":0,"parent":66,"menu_order":0,"comment_status":"closed","ping_status":"closed","template":"","meta":{"footnotes":""},"_links":{"self":[{"href":"https:\/\/tostamaa.edu.ee\/index.php?rest_route=\/wp\/v2\/pages\/2550"}],"collection":[{"href":"https:\/\/tostamaa.edu.ee\/index.php?rest_route=\/wp\/v2\/pages"}],"about":[{"href":"https:\/\/tostamaa.edu.ee\/index.php?rest_route=\/wp\/v2\/types\/page"}],"author":[{"embeddable":true,"href":"https:\/\/tostamaa.edu.ee\/index.php?rest_route=\/wp\/v2\/users\/3"}],"replies":[{"embeddable":true,"href":"https:\/\/tostamaa.edu.ee\/index.php?rest_route=%2Fwp%2Fv2%2Fcomments&post=2550"}],"version-history":[{"count":3,"href":"https:\/\/tostamaa.edu.ee\/index.php?rest_route=\/wp\/v2\/pages\/2550\/revisions"}],"predecessor-version":[{"id":2554,"href":"https:\/\/tostamaa.edu.ee\/index.php?rest_route=\/wp\/v2\/pages\/2550\/revisions\/2554"}],"up":[{"embeddable":true,"href":"https:\/\/tostamaa.edu.ee\/index.php?rest_route=\/wp\/v2\/pages\/66"}],"wp:attachment":[{"href":"https:\/\/tostamaa.edu.ee\/index.php?rest_route=%2Fwp%2Fv2%2Fmedia&parent=2550"}],"curies":[{"name":"wp","href":"https:\/\/api.w.org\/{rel}","templated":true}]}}