{"id":28,"date":"2015-01-29T15:51:04","date_gmt":"2015-01-29T17:51:04","guid":{"rendered":"https:\/\/tostamaa.edu.ee\/?page_id=28"},"modified":"2016-05-24T09:35:35","modified_gmt":"2016-05-24T07:35:35","slug":"atraktiivne-moisakool","status":"publish","type":"page","link":"https:\/\/tostamaa.edu.ee\/?page_id=28","title":{"rendered":"Atraktiivne m\u00f5isakool"},"content":{"rendered":"<h1>Projekt &#8220;T\u00f5stamaa m\u00f5isakooli\u00a0arendamine\u00a0atraktiivseks ja\u00a0mitmek\u00fclgseks\u00a0kogukonna\u00a0turismi- ja\u00a0kultuurikeskuseks&#8221;<\/h1>\n<p><a href=\"https:\/\/tostamaa.edu.ee\/wp-content\/uploads\/2015\/01\/projekti_tutuvustus.jpg\"><img decoding=\"async\" loading=\"lazy\" class=\"alignnone size-full wp-image-1230\" src=\"https:\/\/tostamaa.edu.ee\/wp-content\/uploads\/2015\/01\/projekti_tutuvustus.jpg\" alt=\"projekti_tutuvustus\" width=\"2048\" height=\"1475\" srcset=\"https:\/\/tostamaa.edu.ee\/wp-content\/uploads\/2015\/01\/projekti_tutuvustus.jpg 2048w, https:\/\/tostamaa.edu.ee\/wp-content\/uploads\/2015\/01\/projekti_tutuvustus-300x216.jpg 300w, https:\/\/tostamaa.edu.ee\/wp-content\/uploads\/2015\/01\/projekti_tutuvustus-1024x738.jpg 1024w\" sizes=\"(max-width: 2048px) 100vw, 2048px\" \/><\/a><\/p>\n<p>09.02.2016 toimus projekti &#8220;T\u00f5stamaa m\u00f5isakooli arendamine atraktiivseks ja mitmek\u00fclgseks kogukonna turismi- ja kultuurikeskuseks&#8221;\u00a0tulemuste tutvustamine ja kino\u00f5htu m\u00f5isah\u00e4\u00e4rberis. <a href=\"https:\/\/www.facebook.com\/media\/set\/?set=a.1061385910571118.1073741825.118746964835022&amp;type=3\">Vaata pilte&#8230;<\/a><\/p>\n<hr \/>\n<p>&nbsp;<\/p>\n<p>Euroopa Majanduspiirkonna finantsmehanismi 2009 &#8211; 2014 programmist &#8220;M\u00f5isakoolid \u2013 s\u00e4ilitamine l\u00e4bi kasutamise &#8221; rahuldati T\u00f5stamaa Vallavalitsuse projektitaotlus T\u00f5stamaa m\u00f5isakooli arendamiseks. Projekti tegevused kestsid\u00a0poolteist aastat kuni 2015. aasta l\u00f5puni ning h\u00f5lmasid nii koolitusi kui teenuste v\u00e4ljaarendamist.<\/p>\n<p>Projekti raames viidi l\u00e4bi\u00a0\u00a0j\u00e4rgmised kursused: inglise ja vene keele suhtluskursus, restaureerimiskoolitus,\u00a0giidit\u00f6\u00f6- ja masinkudumise koolitused.<br \/>\nLisaks koolitustele oli\u00a0projekti eesm\u00e4rgiks arendada ja parandada T\u00f5stamaa m\u00f5isakoolis pakutavate turismi- ja kogukonnateenuste kvaliteeti, mille jaoks soetati m\u00f5isakoolile nii tehnilisi kui muid esemeid teenuste kvaliteedi t\u00f5stmiseks. 1. septembriks 2015 on m\u00f5isale soetatud uued klaasid, s\u00f6\u00f6giriistade komplekt, kohviku- ja kokkupandavad baarilauad, m\u00f5isa uhke jahisaal on saanud elegantsed pimendus- ja t\u00fcllkardinad. Valminud\u00a0on m\u00f5isaserviis ja sepistatud k\u00fc\u00fcnlajalad ning \u00f5mmeldi stiilsed m\u00f5isakleidid. Soetati veel kino esitlustehnika ning \u00f5uetelk v\u00e4li\u00fcrituste l\u00e4biviimiseks m\u00f5isapargis.<br \/>\nProjekti oluliseks tulemuseks on k\u00fclastuskaardid, mis aitavad vallak\u00fclalisel siinsete vaatamisv\u00e4\u00e4rsustega tutvuda ning \u00fchtlasi leida teed meie naabervaldadesse ning vastupidi. Samutivalmis\u00a0T\u00f5stamaa m\u00f5isa ajalugu k\u00e4sitlev raamat, mille abil on k\u00fclalisel v\u00f5imalik iseseisvalt m\u00f5isaga tutvuda, ent on suurep\u00e4raseks abivahendiks ka noortele m\u00f5isagiididele.<\/p>\n<p>T\u00f5stamaa turism toimib koost\u00f6\u00f6s kohaliku k\u00e4sit\u00f6\u00f6keskusega ning sellega seonduvalt koostatt projekti raames ka piirkonna k\u00e4sit\u00f6\u00f6turismi arengukava.<\/p>\n<p>PROJEKTITEGEVUSTEST SAAB T\u00c4PSEMA \u00dcLEVAATE<a href=\"http:\/\/mois.tostamaa.ee\/component\/content\/article\/2-uncategorised\/45-emp-projekt-tostamaa-moisakooli-arendamine-atraktiivseks-ja-mitmekulgseks-kogukonna-turismi-ja-kogukonnakeskuseks\"> SIIT:<\/a><\/p>\n<p>Projekti koordineeritakse Kultuuriministeeriumi poolt.<br \/>\nT\u00f5stamaa valla ja m\u00f5isa poolt l\u00e4biviidava projekti juhiks on Liina K\u00e4\u00e4r, <a>liina\u00a0<img decoding=\"async\" src=\"http:\/\/www.tostamaa.ee\/images\/at.gif\" alt=\"\" border=\"0\" \/>tostamaa.ee<\/a>, 50 83 834.<\/p>\n<p><strong>Overview of the project &#8220;The development of T\u00f5stamaa manor school into an attractive tourism and culture centre of the community&#8221; <a href=\"http:\/\/mois.tostamaa.ee\/component\/content\/article\/2-uncategorised\/46-development-of-tostamaa-manor-school\">in english<\/a><\/strong><\/p>\n<p><a href=\"https:\/\/tostamaa.edu.ee\/wp-content\/uploads\/2015\/01\/liina_kristiina_eea_2.jpg\"><img decoding=\"async\" loading=\"lazy\" class=\"alignnone size-full wp-image-1026\" src=\"https:\/\/tostamaa.edu.ee\/wp-content\/uploads\/2015\/01\/liina_kristiina_eea_2.jpg\" alt=\"liina_kristiina_eea_2\" width=\"2048\" height=\"1366\" srcset=\"https:\/\/tostamaa.edu.ee\/wp-content\/uploads\/2015\/01\/liina_kristiina_eea_2.jpg 2048w, https:\/\/tostamaa.edu.ee\/wp-content\/uploads\/2015\/01\/liina_kristiina_eea_2-300x200.jpg 300w, https:\/\/tostamaa.edu.ee\/wp-content\/uploads\/2015\/01\/liina_kristiina_eea_2-1024x683.jpg 1024w\" sizes=\"(max-width: 2048px) 100vw, 2048px\" \/><\/a><\/p>\n<p>P\u00e4rnu Postimees 17.02.2016:<\/p>\n<p><a href=\"https:\/\/tostamaa.edu.ee\/wp-content\/uploads\/2015\/01\/2016-02-17_163456.jpg\"><img decoding=\"async\" loading=\"lazy\" class=\"size-full wp-image-1255 aligncenter\" src=\"https:\/\/tostamaa.edu.ee\/wp-content\/uploads\/2015\/01\/2016-02-17_163456.jpg\" alt=\"2016-02-17_163456\" width=\"665\" height=\"806\" srcset=\"https:\/\/tostamaa.edu.ee\/wp-content\/uploads\/2015\/01\/2016-02-17_163456.jpg 665w, https:\/\/tostamaa.edu.ee\/wp-content\/uploads\/2015\/01\/2016-02-17_163456-248x300.jpg 248w\" sizes=\"(max-width: 665px) 100vw, 665px\" \/><\/a><\/p>\n<div class=\"\" data-block=\"true\" data-offset-key=\"2jk44-0-0\">\n<div class=\"_1mf _1mj\" data-offset-key=\"2jk44-0-0\"><span data-offset-key=\"2jk44-0-0\"><span data-text=\"true\">P\u00e4rnu Postimees 18.02.16<\/span><\/span><\/div>\n<\/div>\n<div class=\"\" data-block=\"true\" data-offset-key=\"1qsk7-0-0\">\n<div class=\"_1mf _1mj\" data-offset-key=\"1qsk7-0-0\"><span data-offset-key=\"1qsk7-0-0\"><span data-text=\"true\">T\u00f5stamaa m\u00f5isas saab katta 100 inimesele laua serviisiga, mida kaunistab h\u00e4\u00e4rberi laemaalingute ornament ja mille n\u00f5ud valmistasid kohalikud k\u00e4sit\u00f6\u00f6lised.<\/span><\/span><\/div>\n<div class=\"_1mf _1mj\" data-offset-key=\"1qsk7-0-0\"><a href=\"https:\/\/tostamaa.edu.ee\/wp-content\/uploads\/2015\/01\/2016-02-18_085516.jpg\"><img decoding=\"async\" loading=\"lazy\" class=\"size-full wp-image-1259 aligncenter\" src=\"https:\/\/tostamaa.edu.ee\/wp-content\/uploads\/2015\/01\/2016-02-18_085516.jpg\" alt=\"2016-02-18_085516\" width=\"664\" height=\"751\" srcset=\"https:\/\/tostamaa.edu.ee\/wp-content\/uploads\/2015\/01\/2016-02-18_085516.jpg 664w, https:\/\/tostamaa.edu.ee\/wp-content\/uploads\/2015\/01\/2016-02-18_085516-265x300.jpg 265w\" sizes=\"(max-width: 664px) 100vw, 664px\" \/><\/a><\/div>\n<div class=\"_1mf _1mj\" data-offset-key=\"1qsk7-0-0\"><a href=\"https:\/\/tostamaa.edu.ee\/wp-content\/uploads\/2015\/01\/kinosaal_070316.jpg\"><img decoding=\"async\" loading=\"lazy\" class=\"alignnone size-full wp-image-1319\" src=\"https:\/\/tostamaa.edu.ee\/wp-content\/uploads\/2015\/01\/kinosaal_070316.jpg\" alt=\"kinosaal_070316\" width=\"2048\" height=\"1365\" srcset=\"https:\/\/tostamaa.edu.ee\/wp-content\/uploads\/2015\/01\/kinosaal_070316.jpg 2048w, https:\/\/tostamaa.edu.ee\/wp-content\/uploads\/2015\/01\/kinosaal_070316-300x200.jpg 300w, https:\/\/tostamaa.edu.ee\/wp-content\/uploads\/2015\/01\/kinosaal_070316-1024x683.jpg 1024w\" sizes=\"(max-width: 2048px) 100vw, 2048px\" \/><\/a><\/div>\n<div class=\"_1mf _1mj\" data-offset-key=\"1qsk7-0-0\"><a href=\"https:\/\/tostamaa.edu.ee\/wp-content\/uploads\/2015\/01\/tostamaa_slide_1.jpg\"><img decoding=\"async\" loading=\"lazy\" class=\"alignnone size-full wp-image-1557\" src=\"https:\/\/tostamaa.edu.ee\/wp-content\/uploads\/2015\/01\/tostamaa_slide_1.jpg\" alt=\"tostamaa_slide_1\" width=\"1910\" height=\"1073\" srcset=\"https:\/\/tostamaa.edu.ee\/wp-content\/uploads\/2015\/01\/tostamaa_slide_1.jpg 1910w, https:\/\/tostamaa.edu.ee\/wp-content\/uploads\/2015\/01\/tostamaa_slide_1-300x169.jpg 300w, https:\/\/tostamaa.edu.ee\/wp-content\/uploads\/2015\/01\/tostamaa_slide_1-1024x575.jpg 1024w\" sizes=\"(max-width: 1910px) 100vw, 1910px\" \/><\/a><\/div>\n<div class=\"_1mf _1mj\" data-offset-key=\"1qsk7-0-0\"><a href=\"https:\/\/tostamaa.edu.ee\/wp-content\/uploads\/2015\/01\/tostamaa_slide_2.jpg\"><img decoding=\"async\" loading=\"lazy\" class=\"alignnone size-full wp-image-1558\" src=\"https:\/\/tostamaa.edu.ee\/wp-content\/uploads\/2015\/01\/tostamaa_slide_2.jpg\" alt=\"tostamaa_slide_2\" width=\"1911\" height=\"1072\" srcset=\"https:\/\/tostamaa.edu.ee\/wp-content\/uploads\/2015\/01\/tostamaa_slide_2.jpg 1911w, https:\/\/tostamaa.edu.ee\/wp-content\/uploads\/2015\/01\/tostamaa_slide_2-300x168.jpg 300w, https:\/\/tostamaa.edu.ee\/wp-content\/uploads\/2015\/01\/tostamaa_slide_2-1024x574.jpg 1024w\" sizes=\"(max-width: 1911px) 100vw, 1911px\" \/><\/a><\/div>\n<div class=\"_1mf _1mj\" data-offset-key=\"1qsk7-0-0\"><a href=\"https:\/\/tostamaa.edu.ee\/wp-content\/uploads\/2015\/01\/tostamaa_slide_3.jpg\"><img decoding=\"async\" loading=\"lazy\" class=\"alignnone size-full wp-image-1559\" src=\"https:\/\/tostamaa.edu.ee\/wp-content\/uploads\/2015\/01\/tostamaa_slide_3.jpg\" alt=\"tostamaa_slide_3\" width=\"1912\" height=\"1066\" srcset=\"https:\/\/tostamaa.edu.ee\/wp-content\/uploads\/2015\/01\/tostamaa_slide_3.jpg 1912w, https:\/\/tostamaa.edu.ee\/wp-content\/uploads\/2015\/01\/tostamaa_slide_3-300x167.jpg 300w, https:\/\/tostamaa.edu.ee\/wp-content\/uploads\/2015\/01\/tostamaa_slide_3-1024x571.jpg 1024w\" sizes=\"(max-width: 1912px) 100vw, 1912px\" \/><\/a><\/div>\n<div class=\"_1mf _1mj\" data-offset-key=\"1qsk7-0-0\"><a href=\"https:\/\/tostamaa.edu.ee\/wp-content\/uploads\/2015\/01\/2016-05-24_102643.jpg\"><img decoding=\"async\" loading=\"lazy\" class=\"alignnone size-full wp-image-1634\" src=\"https:\/\/tostamaa.edu.ee\/wp-content\/uploads\/2015\/01\/2016-05-24_102643.jpg\" alt=\"2016-05-24_102643\" width=\"1491\" height=\"849\" srcset=\"https:\/\/tostamaa.edu.ee\/wp-content\/uploads\/2015\/01\/2016-05-24_102643.jpg 1491w, https:\/\/tostamaa.edu.ee\/wp-content\/uploads\/2015\/01\/2016-05-24_102643-300x171.jpg 300w, https:\/\/tostamaa.edu.ee\/wp-content\/uploads\/2015\/01\/2016-05-24_102643-1024x583.jpg 1024w\" sizes=\"(max-width: 1491px) 100vw, 1491px\" \/><\/a><\/div>\n<div class=\"_1mf _1mj\" data-offset-key=\"1qsk7-0-0\">Eesti Arhitektuurimuuseumi projekti &#8220;Tegus ja n\u00e4gus m\u00f5isakool&#8221; raames valmis m\u00f5isakoolide illustreeritud kaart, autoriks Eleonora Kolycheva. Tervikkaardi leiab: <a href=\"http:\/\/admin.moisakoolid.ee\/sites\/default\/files\/images\/kaart_merge.jpg\" target=\"_blank\" rel=\"nofollow\">http:\/\/admin.moisakoolid.ee\/\u2026\/\u2026\/files\/images\/kaart_merge.jpg<\/a><\/div>\n<\/div>\n","protected":false},"excerpt":{"rendered":"<p>Projekt &#8220;T\u00f5stamaa m\u00f5isakooli\u00a0arendamine\u00a0atraktiivseks ja\u00a0mitmek\u00fclgseks\u00a0kogukonna\u00a0turismi- ja\u00a0kultuurikeskuseks&#8221; 09.02.2016 toimus projekti &#8220;T\u00f5stamaa m\u00f5isakooli arendamine atraktiivseks ja mitmek\u00fclgseks kogukonna turismi- ja kultuurikeskuseks&#8221;\u00a0tulemuste tutvustamine ja kino\u00f5htu m\u00f5isah\u00e4\u00e4rberis. Vaata pilte&#8230; &nbsp; Euroopa Majanduspiirkonna finantsmehanismi 2009 &#8211; 2014 programmist &#8220;M\u00f5isakoolid \u2013 s\u00e4ilitamine l\u00e4bi kasutamise &#8221; rahuldati T\u00f5stamaa Vallavalitsuse projektitaotlus T\u00f5stamaa m\u00f5isakooli arendamiseks. Projekti tegevused kestsid\u00a0poolteist aastat kuni 2015. aasta l\u00f5puni ning h\u00f5lmasid &hellip; <\/p>\n<p><a class=\"more-link btn\" href=\"https:\/\/tostamaa.edu.ee\/?page_id=28\">J\u00e4tka lugemist<\/a><\/p>\n","protected":false},"author":1,"featured_media":0,"parent":2,"menu_order":0,"comment_status":"closed","ping_status":"open","template":"","meta":{"footnotes":""},"_links":{"self":[{"href":"https:\/\/tostamaa.edu.ee\/index.php?rest_route=\/wp\/v2\/pages\/28"}],"collection":[{"href":"https:\/\/tostamaa.edu.ee\/index.php?rest_route=\/wp\/v2\/pages"}],"about":[{"href":"https:\/\/tostamaa.edu.ee\/index.php?rest_route=\/wp\/v2\/types\/page"}],"author":[{"embeddable":true,"href":"https:\/\/tostamaa.edu.ee\/index.php?rest_route=\/wp\/v2\/users\/1"}],"replies":[{"embeddable":true,"href":"https:\/\/tostamaa.edu.ee\/index.php?rest_route=%2Fwp%2Fv2%2Fcomments&post=28"}],"version-history":[{"count":5,"href":"https:\/\/tostamaa.edu.ee\/index.php?rest_route=\/wp\/v2\/pages\/28\/revisions"}],"predecessor-version":[{"id":1635,"href":"https:\/\/tostamaa.edu.ee\/index.php?rest_route=\/wp\/v2\/pages\/28\/revisions\/1635"}],"up":[{"embeddable":true,"href":"https:\/\/tostamaa.edu.ee\/index.php?rest_route=\/wp\/v2\/pages\/2"}],"wp:attachment":[{"href":"https:\/\/tostamaa.edu.ee\/index.php?rest_route=%2Fwp%2Fv2%2Fmedia&parent=28"}],"curies":[{"name":"wp","href":"https:\/\/api.w.org\/{rel}","templated":true}]}}