{"id":3717,"date":"2018-06-11T09:56:22","date_gmt":"2018-06-11T07:56:22","guid":{"rendered":"https:\/\/tostamaa.edu.ee\/?page_id=3717"},"modified":"2018-06-11T10:01:59","modified_gmt":"2018-06-11T08:01:59","slug":"tostamaa-keskkooli-keskkonnahariduslikud-oppeprogrammid-20172018-oppeaastal","status":"publish","type":"page","link":"https:\/\/tostamaa.edu.ee\/?page_id=3717","title":{"rendered":"T\u00f5stamaa Keskkooli keskkonnahariduslikud \u00f5ppeprogrammid 2017\/2018 \u00f5ppeaastal"},"content":{"rendered":"<p><strong>SA Keskkonnainvesteeringute Keskuse<\/strong> <strong>toetusel<\/strong> osaleb T\u00f5stamaa Keskkool 2017\/2018 \u00f5ppeaastal erinevates keskkonnahariduslikes \u00f5ppeprogrammides. \u00d5ppeprogrammid h\u00f5lmavad k\u00f5iki \u00f5pilasi. Programmides osalemine on \u00f5pilastele tasuta.<\/p>\n<p>22. september 1.-4. klass \u00f5ppeprogrammis Tallinna Loomaaia zookooli \u00f5ppetegevus<br \/>\n12. oktoober\u2013 5.-7. klass \u00f5ppeprogrammis \u201cNutikas linnu\u00f5pe\u201d Matsalus<br \/>\n27. m\u00e4rts\u2013 9..-11. klass \u00f5ppeprogrammis \u201cEesti geoloogiline ehitus ja maavarad&#8221; S\u00e4rghaua \u00f5ppekeskuses<br \/>\n28. m\u00e4rtsi\u2013 12. klass \u00f5ppeprogrammis \u201cElu areng ja fossiilid&#8221; S\u00e4rghaua \u00f5ppekeskuses<br \/>\n16. aprill\u2013 8. ja 13. klass \u00f5ppeprogrammis \u201cLooduskaitse Matsalu rahvuspargis&#8221; Haeskas<\/p>\n<p><strong>\u00d5ppek\u00e4igud on \u00fcks osa \u00f5ppet\u00f6\u00f6st ning \u00f5ppetunnid toimuvad klassiruumist v\u00e4ljaspool.<\/strong><\/p>\n<p><a href=\"https:\/\/tostamaa.edu.ee\/wp-content\/uploads\/2018\/06\/pilt-linnuvaatlusest.jpg\"><img decoding=\"async\" loading=\"lazy\" class=\"alignnone size-large wp-image-3719\" src=\"https:\/\/tostamaa.edu.ee\/wp-content\/uploads\/2018\/06\/pilt-linnuvaatlusest-1024x1024.jpg\" alt=\"\" width=\"1024\" height=\"1024\" srcset=\"https:\/\/tostamaa.edu.ee\/wp-content\/uploads\/2018\/06\/pilt-linnuvaatlusest-1024x1024.jpg 1024w, https:\/\/tostamaa.edu.ee\/wp-content\/uploads\/2018\/06\/pilt-linnuvaatlusest-150x150.jpg 150w, https:\/\/tostamaa.edu.ee\/wp-content\/uploads\/2018\/06\/pilt-linnuvaatlusest-300x300.jpg 300w, https:\/\/tostamaa.edu.ee\/wp-content\/uploads\/2018\/06\/pilt-linnuvaatlusest-768x768.jpg 768w, https:\/\/tostamaa.edu.ee\/wp-content\/uploads\/2018\/06\/pilt-linnuvaatlusest.jpg 1440w\" sizes=\"(max-width: 1024px) 100vw, 1024px\" \/><\/a><\/p>\n<p>&nbsp;<\/p>\n","protected":false},"excerpt":{"rendered":"<p>SA Keskkonnainvesteeringute Keskuse toetusel osaleb T\u00f5stamaa Keskkool 2017\/2018 \u00f5ppeaastal erinevates keskkonnahariduslikes \u00f5ppeprogrammides. \u00d5ppeprogrammid h\u00f5lmavad k\u00f5iki \u00f5pilasi. Programmides osalemine on \u00f5pilastele tasuta. 22. september 1.-4. klass \u00f5ppeprogrammis Tallinna Loomaaia zookooli \u00f5ppetegevus 12. oktoober\u2013 5.-7. klass \u00f5ppeprogrammis \u201cNutikas linnu\u00f5pe\u201d Matsalus 27. m\u00e4rts\u2013 9..-11. klass \u00f5ppeprogrammis \u201cEesti geoloogiline ehitus ja maavarad&#8221; S\u00e4rghaua \u00f5ppekeskuses 28. m\u00e4rtsi\u2013 12. klass \u00f5ppeprogrammis &hellip; <\/p>\n<p><a class=\"more-link btn\" href=\"https:\/\/tostamaa.edu.ee\/?page_id=3717\">J\u00e4tka lugemist<\/a><\/p>\n","protected":false},"author":3,"featured_media":0,"parent":2106,"menu_order":0,"comment_status":"closed","ping_status":"closed","template":"","meta":{"footnotes":""},"_links":{"self":[{"href":"https:\/\/tostamaa.edu.ee\/index.php?rest_route=\/wp\/v2\/pages\/3717"}],"collection":[{"href":"https:\/\/tostamaa.edu.ee\/index.php?rest_route=\/wp\/v2\/pages"}],"about":[{"href":"https:\/\/tostamaa.edu.ee\/index.php?rest_route=\/wp\/v2\/types\/page"}],"author":[{"embeddable":true,"href":"https:\/\/tostamaa.edu.ee\/index.php?rest_route=\/wp\/v2\/users\/3"}],"replies":[{"embeddable":true,"href":"https:\/\/tostamaa.edu.ee\/index.php?rest_route=%2Fwp%2Fv2%2Fcomments&post=3717"}],"version-history":[{"count":3,"href":"https:\/\/tostamaa.edu.ee\/index.php?rest_route=\/wp\/v2\/pages\/3717\/revisions"}],"predecessor-version":[{"id":3721,"href":"https:\/\/tostamaa.edu.ee\/index.php?rest_route=\/wp\/v2\/pages\/3717\/revisions\/3721"}],"up":[{"embeddable":true,"href":"https:\/\/tostamaa.edu.ee\/index.php?rest_route=\/wp\/v2\/pages\/2106"}],"wp:attachment":[{"href":"https:\/\/tostamaa.edu.ee\/index.php?rest_route=%2Fwp%2Fv2%2Fmedia&parent=3717"}],"curies":[{"name":"wp","href":"https:\/\/api.w.org\/{rel}","templated":true}]}}