{"id":41,"date":"2015-01-29T16:00:24","date_gmt":"2015-01-29T18:00:24","guid":{"rendered":"https:\/\/tostamaa.edu.ee\/?page_id=41"},"modified":"2025-11-05T10:48:59","modified_gmt":"2025-11-05T08:48:59","slug":"avalik-teave","status":"publish","type":"page","link":"https:\/\/tostamaa.edu.ee\/?page_id=41","title":{"rendered":"Dokumendid"},"content":{"rendered":"\n<p><strong>Riiklikud dokumendid<\/strong><\/p>\n\n\n\n<p><a href=\"https:\/\/www.hm.ee\/sites\/default\/files\/documents\/2022-09\/1._haridusvaldkonna_arengukava_2035_kinnitatud_11.11.21.pdf\">Haridusvaldkonna arengukava 2021 \u2013 2035<\/a> <br><a rel=\"noreferrer noopener\" href=\"https:\/\/www.riigiteataja.ee\/akt\/111032023075?leiaKehtiv\" target=\"_blank\">P\u00f5hikooli ja g\u00fcmnaasiumiseadus<\/a> <br><a rel=\"noreferrer noopener\" href=\"https:\/\/www.riigiteataja.ee\/akt\/108032023005?leiaKehtiv\" target=\"_blank\">P\u00f5hikooli riiklik \u00f5ppekava<\/a> <br><a rel=\"noreferrer noopener\" href=\"https:\/\/www.riigiteataja.ee\/akt\/108032023004?leiaKehtiv\" target=\"_blank\">P\u00f5hikooli lihtsustatud riiklik \u00f5ppekava<\/a> <br><a rel=\"noreferrer noopener\" href=\"https:\/\/www.riigiteataja.ee\/akt\/108032023006?leiaKehtiv\" target=\"_blank\">G\u00fcmnaasiumi riiklik \u00f5ppekava<\/a><\/p>\n\n\n\n<p><strong>Kooli dokumendid<\/strong><\/p>\n\n\n<ul>\n<li style=\"list-style-type: none;\">\n<ul>\n<li><a href=\"https:\/\/tostamaakool-my.sharepoint.com\/:b:\/g\/personal\/toomas_mitt_tostamaakool_parnu_ee\/EbhnW6s5jf5Bi0tD5inNmYQBkco-yOH8rpikI0pL6BDy2A?e=vOxPlU\">Arengukava 2021-2025<\/a><\/li>\n<li><a href=\"https:\/\/tostamaakool-my.sharepoint.com\/:w:\/g\/personal\/toomas_mitt_tostamaakool_parnu_ee\/EYC2SQUTts5PnMeWB_GabfABi95LYMns82Sjd0gvL0h1xQ?e=GnWq3Z\">Arenguvestluse l\u00e4biviimise kord<\/a><\/li>\n<li><a href=\"https:\/\/tostamaakool-my.sharepoint.com\/:w:\/g\/personal\/toomas_mitt_tostamaakool_parnu_ee\/EZwyY3tTBJxJtkzjH92hGxkBN-H9J4N-LoCt315NkHBecA?e=jNKNOd\">Asjaajamise kord<\/a><\/li>\n<li><a href=\"https:\/\/arno.parnu.ee\/\">Avaldus koolist lahkumiseks ja\u00a0avaldus kooli astumiseks keskkonnas ARNO<\/a><\/li>\n<li><a title=\"Busside graafik\" href=\"https:\/\/tostamaa.edu.ee\/?page_id=292\">Busside s\u00f5idugraafik<\/a><\/li>\n<li><a href=\"https:\/\/edok.parnu.ee\/public\/index.aspx?hdr=hp&amp;o=924&amp;tbs=all&amp;o2=165959\">Dokumendiregister<\/a><\/li>\n<li><a href=\"http:\/\/pildid.tostamaa.ee\/doc\/ekskursioonide_korraldamine.docx\">Ekskursioonide korraldamine<\/a><\/li>\n<li><a href=\"https:\/\/tostamaa.edu.ee\/?page_id=8155\">Hankekord<\/a><\/li>\n<li><a title=\"Hindamine\" href=\"https:\/\/tostamaa.edu.ee\/?page_id=342\">Hindamine\u00a0<\/a><\/li>\n<li><a title=\"Hoolekogu\" href=\"https:\/\/tostamaa.edu.ee\/?page_id=61\">Hoolekogu<\/a><\/li>\n<li><a href=\"https:\/\/tostamaakool-my.sharepoint.com\/:b:\/g\/personal\/toomas_mitt_tostamaakool_parnu_ee\/EfDUCGoaY6ZIu04IP0roLHgBUYEgjN4GrT_Zc_4hVFvJVQ?e=qEN4Ds\">H\u00e4daolukorra lahendamise plaan<\/a><\/li>\n<li><a href=\"https:\/\/tostamaakool-my.sharepoint.com\/:b:\/g\/personal\/toomas_mitt_tostamaakool_parnu_ee\/EYZztad_zdBIqU8wPjeLRPEBfGzP3JHZvEFGK0XrjSB0Kw?e=3mjQNt\">Isikuandmete t\u00f6\u00f6tlemise tingimused<\/a><\/li>\n<li><a title=\"Kodukord\" href=\"https:\/\/tostamaa.edu.ee\/?page_id=76\">Kodukord<\/a><\/li>\n<li><a href=\"https:\/\/tostamaakool-my.sharepoint.com\/:w:\/g\/personal\/toomas_mitt_tostamaakool_parnu_ee\/EUoI429TWpBMsE-MMs-06fUBX2RyBhF1Pd_oQurUYFFudg?e=I3bC6y\">Kooli vastuv\u00f5tmine ja koolist v\u00e4ljaarvamine<\/a><\/li>\n<li><a href=\"https:\/\/tostamaakool-my.sharepoint.com\/:b:\/g\/personal\/toomas_mitt_tostamaakool_parnu_ee\/ESgtMz57HQhLodPSWdetGSIBfsn2rShXXb_ViDAXW1i2KA?e=hAZnn4\">Loovt\u00f6\u00f6de koostamise juhend ja kaitsmise kord<\/a><\/li>\n<li><a href=\"https:\/\/tostamaakool-my.sharepoint.com\/:b:\/g\/personal\/toomas_mitt_tostamaakool_parnu_ee\/ES2Ehx2C0q5JjsXK3rUj4SwBkkcKWfyMYsjMFJf3YC4HZw?e=BmC2pC\">Noortekeskuse p\u00f5him\u00e4\u00e4rus<\/a><\/li>\n<li><a href=\"https:\/\/tostamaa.edu.ee\/?page_id=8489\">Palgakorralduse p\u00f5him\u00f5tted<\/a><\/li>\n<li><a href=\"https:\/\/arno.parnu.ee\/\">Pikap\u00e4evar\u00fchma avaldus keskkonnas ARNO<\/a><\/li>\n<li><a href=\"https:\/\/tostamaakool-my.sharepoint.com\/:b:\/g\/personal\/toomas_mitt_tostamaakool_parnu_ee\/EdPeiFLOOGVAvwhqYOAqWSYBYrm48p56Ennr0iMlj4kOrQ?e=tEujiZ\">P\u00f5him\u00e4\u00e4rus<\/a><\/li>\n<li><a href=\"https:\/\/tostamaakool-my.sharepoint.com\/:w:\/g\/personal\/toomas_mitt_tostamaakool_parnu_ee\/EahppsGTB-9FvK2CAHZ8sF0BjiCD9EAT8TsW8lc2Eu6HDw?e=fH6qNJ\">Rekordite edetabel<\/a><\/li>\n<li><a href=\"https:\/\/tostamaakool-my.sharepoint.com\/:w:\/g\/personal\/toomas_mitt_tostamaakool_parnu_ee\/EQxsEhaK4L1DglWAceVVG74BJjBzPuE8wSRQiKs-erbaSA?e=z5dcTI\">Sisehindamise kord<\/a><\/li>\n<li><a href=\"https:\/\/tostamaakool-my.sharepoint.com\/:b:\/g\/personal\/toomas_mitt_tostamaakool_parnu_ee\/EeOfK8txdGlLiPTLXWgDNrgBLs8nbDWTb52zCd7O5ea8cg?e=GCaSpL\">Teabehalduse kord<\/a><\/li>\n<li><a title=\"Tugis\u00fcsteemid\" href=\"https:\/\/tostamaa.edu.ee\/?page_id=353\">Tugis\u00fcsteemid<\/a><\/li>\n<li><a href=\"https:\/\/tostamaa.edu.ee\/?page_id=8699\">T\u00f6\u00f6korralduse reeglid<\/a><\/li>\n<li><a href=\"https:\/\/tostamaakool-my.sharepoint.com\/:w:\/g\/personal\/toomas_mitt_tostamaakool_parnu_ee\/EWcM0iIHgItDo0yKjW_pxD4BWRqErR1cGFZHvQSPaQHYiQ?e=BtpgCW\">T\u00f6\u00f6tajate ja koost\u00f6\u00f6partnerite tunnustamise kord<\/a><\/li>\n<li><a href=\"https:\/\/drive.google.com\/file\/d\/0BzDqvDP-eCgFZGYyMTIxNmEtZTFmYS00YTQxLWI5NTAtMjNkNzM5NmM4Nzc1\/view?usp=sharing&amp;resourcekey=0-AnuBAajn-p8DLEg2_ULu-w\">Uurimuslike t\u00f6\u00f6de koostamise juhend<\/a><\/li>\n<li><a href=\"https:\/\/tostamaa.edu.ee\/?page_id=8691\">Vaba ametikoht<\/a><\/li>\n<li><a href=\"https:\/\/tostamaakool-my.sharepoint.com\/:w:\/g\/personal\/toomas_mitt_tostamaakool_parnu_ee\/Efkaojhqp1pDtnMWq6_EJX8B530TG6T26ybx7Hj6lmD8dg?e=o5kh92\">\u00d5pilasesinduse p\u00f5him\u00e4\u00e4rus<\/a><\/li>\n<li><a title=\"\u00d5pilaskodu\" href=\"https:\/\/tostamaa.edu.ee\/?page_id=357\">\u00d5pilaskodu kodukord<\/a><\/li>\n<li><a href=\"https:\/\/tostamaa.edu.ee\/?page_id=3899\">\u00d5pilaspileti v\u00e4ljastamine<\/a><\/li>\n<li><a title=\"N\u00f5ustamine ja \u00f5piabi\" href=\"https:\/\/tostamaa.edu.ee\/?page_id=359\">\u00d5pilaste n\u00f5ustamine ja \u00f5piabi osutamine<\/a><\/li>\n<li><a href=\"https:\/\/tostamaa.edu.ee\/?page_id=8687\">\u00d5pilaste tunnustamise kord<\/a><\/li>\n<li><a href=\"https:\/\/tostamaakool-my.sharepoint.com\/:b:\/g\/personal\/toomas_mitt_tostamaakool_parnu_ee\/EbIUQz7_H4RHggy1SZTINyMBppztIhp76t_Ix-N3jHfDaQ?e=Khl76a\">\u00d5ppekava<\/a><\/li>\n<li><a href=\"https:\/\/tostamaakool-my.sharepoint.com\/:f:\/g\/personal\/maris_adler_tostamaakool_parnu_ee\/EvmdPNqS1oRLh9Ypeuo_m98BnrRUI2jZ9FzStkS5WakQjQ?e=QP2Hg5\">\u00d5ppekava ainekavad- p\u00f5hikool<\/a><\/li>\n<li><a href=\"https:\/\/tostamaakool-my.sharepoint.com\/:f:\/g\/personal\/maris_adler_tostamaakool_parnu_ee\/EsFw2MFilnVBnS-81K0uFPcB_fFEJETBte4hBA_BPgEzeQ?e=9DrboZ\">\u00d5ppekava ainekavad- g\u00fcmnaasium<\/a><\/li>\n<li><a href=\"https:\/\/tostamaakool-my.sharepoint.com\/:x:\/g\/personal\/maris_adler_tostamaakool_parnu_ee\/ET_iMNAP8shFqordOm2PAt0BhNJDqsBGKZo6LVbOEAIQpQ?e=VqDt9R\">\u00d5ppekava tunnijaotusplaan- p\u00f5hikool\u00a0<\/a><\/li>\n<li><a href=\"https:\/\/tostamaakool-my.sharepoint.com\/:x:\/g\/personal\/maris_adler_tostamaakool_parnu_ee\/EaEny-MyN7pFo_JMb5XqVRsBxD_HetHAjH7W58OW_yxdcQ?e=TKmact\">\u00d5ppekava kursuste jaotusplaan- g\u00fcmnaasium<\/a><\/li>\n<li><a href=\"https:\/\/tostamaakool-my.sharepoint.com\/:x:\/g\/personal\/karoliine_kask_tostamaakool_parnu_ee\/EcoBbCE8RplMt18IrlbUVFIBhjMh2jZHkgiI8D90Bjhhig?e=TVutMA\">\u00dcldt\u00f6\u00f6plaan<\/a><\/li>\n<li><a href=\"https:\/\/tostamaa.edu.ee\/?page_id=2646\">10. klassi vastuv\u00f5tu tingimused ja kord<\/a><\/li>\n<li><a href=\"https:\/\/tostamaa.edu.ee\/?page_id=2646\">1. klassi ja \u00fcleminekuklassidesse astumise info<\/a><\/li>\n<li><a href=\"https:\/\/tostamaakool-my.sharepoint.com\/:w:\/g\/personal\/toomas_mitt_tostamaakool_parnu_ee\/ESdLSgKzs9RHuP8pW8hitDMBKevl0rscKcBpqJa65X6VLQ?e=2V9xfi\">1. klassi\u00a0 astuva laste vanemate meelespea<\/a><\/li>\n<\/ul>\n<p><a href=\"https:\/\/tostamaa.edu.ee\/wp-content\/uploads\/2015\/01\/2020-11-03_144429.jpg\"><img decoding=\"async\" loading=\"lazy\" class=\"aligncenter size-full wp-image-5795\" src=\"https:\/\/tostamaa.edu.ee\/wp-content\/uploads\/2015\/01\/2020-11-03_144429.jpg\" alt=\"\" width=\"776\" height=\"688\" srcset=\"https:\/\/tostamaa.edu.ee\/wp-content\/uploads\/2015\/01\/2020-11-03_144429.jpg 776w, https:\/\/tostamaa.edu.ee\/wp-content\/uploads\/2015\/01\/2020-11-03_144429-300x266.jpg 300w, https:\/\/tostamaa.edu.ee\/wp-content\/uploads\/2015\/01\/2020-11-03_144429-768x681.jpg 768w\" sizes=\"(max-width: 776px) 100vw, 776px\" \/><\/a><\/p>\n<p><a href=\"https:\/\/tostamaa.edu.ee\/wp-content\/uploads\/2015\/01\/saal.jpg\"><img decoding=\"async\" loading=\"lazy\" class=\"alignnone size-full wp-image-1246\" src=\"https:\/\/tostamaa.edu.ee\/wp-content\/uploads\/2015\/01\/saal.jpg\" alt=\"saal\" width=\"1367\" height=\"2048\" srcset=\"https:\/\/tostamaa.edu.ee\/wp-content\/uploads\/2015\/01\/saal.jpg 1367w, https:\/\/tostamaa.edu.ee\/wp-content\/uploads\/2015\/01\/saal-200x300.jpg 200w, https:\/\/tostamaa.edu.ee\/wp-content\/uploads\/2015\/01\/saal-684x1024.jpg 684w\" sizes=\"(max-width: 1367px) 100vw, 1367px\" \/><\/a><\/p>\n<\/li>\n<\/ul>","protected":false},"excerpt":{"rendered":"<p>Riiklikud dokumendid Haridusvaldkonna arengukava 2021 \u2013 2035 P\u00f5hikooli ja g\u00fcmnaasiumiseadus P\u00f5hikooli riiklik \u00f5ppekava P\u00f5hikooli lihtsustatud riiklik \u00f5ppekava G\u00fcmnaasiumi riiklik \u00f5ppekava Kooli dokumendid Arengukava 2021-2025 Arenguvestluse l\u00e4biviimise kord Asjaajamise kord Avaldus koolist lahkumiseks ja\u00a0avaldus kooli astumiseks keskkonnas ARNO Busside s\u00f5idugraafik Dokumendiregister Ekskursioonide korraldamine Hankekord Hindamine\u00a0 Hoolekogu H\u00e4daolukorra lahendamise plaan Isikuandmete t\u00f6\u00f6tlemise tingimused Kodukord Kooli vastuv\u00f5tmine ja &hellip; <\/p>\n<p><a class=\"more-link btn\" href=\"https:\/\/tostamaa.edu.ee\/?page_id=41\">J\u00e4tka lugemist<\/a><\/p>\n","protected":false},"author":1,"featured_media":0,"parent":0,"menu_order":0,"comment_status":"closed","ping_status":"open","template":"","meta":{"footnotes":""},"_links":{"self":[{"href":"https:\/\/tostamaa.edu.ee\/index.php?rest_route=\/wp\/v2\/pages\/41"}],"collection":[{"href":"https:\/\/tostamaa.edu.ee\/index.php?rest_route=\/wp\/v2\/pages"}],"about":[{"href":"https:\/\/tostamaa.edu.ee\/index.php?rest_route=\/wp\/v2\/types\/page"}],"author":[{"embeddable":true,"href":"https:\/\/tostamaa.edu.ee\/index.php?rest_route=\/wp\/v2\/users\/1"}],"replies":[{"embeddable":true,"href":"https:\/\/tostamaa.edu.ee\/index.php?rest_route=%2Fwp%2Fv2%2Fcomments&post=41"}],"version-history":[{"count":5,"href":"https:\/\/tostamaa.edu.ee\/index.php?rest_route=\/wp\/v2\/pages\/41\/revisions"}],"predecessor-version":[{"id":9479,"href":"https:\/\/tostamaa.edu.ee\/index.php?rest_route=\/wp\/v2\/pages\/41\/revisions\/9479"}],"wp:attachment":[{"href":"https:\/\/tostamaa.edu.ee\/index.php?rest_route=%2Fwp%2Fv2%2Fmedia&parent=41"}],"curies":[{"name":"wp","href":"https:\/\/api.w.org\/{rel}","templated":true}]}}