{"id":4512,"date":"2019-06-21T09:25:30","date_gmt":"2019-06-21T07:25:30","guid":{"rendered":"https:\/\/tostamaa.edu.ee\/?page_id=4512"},"modified":"2019-06-21T10:13:46","modified_gmt":"2019-06-21T08:13:46","slug":"4512-2","status":"publish","type":"page","link":"https:\/\/tostamaa.edu.ee\/?page_id=4512","title":{"rendered":"Kooli vastuv\u00f5tt ja lahkumine"},"content":{"rendered":"<h2><strong>1.-9. klassi vastuv\u00f5tt ja koolist lahkumine<\/strong><\/h2>\n<hr \/>\n<p>P\u00f5hikooli klassidesse\u00a0<strong>vastuv\u00f5tmiseks<\/strong> esitab<br \/>\n<strong>vanem<\/strong>\u00a0<a href=\"http:\/\/pass.piksel.ee\/ctrl\/et\/Auth\/login\/arno_parnu\/?back_url=https%3A%2F%2Farno.parnu.ee%2Fctrl%2Fee%2FLogin%2Flogin%2F&amp;vn=::0\">veebikeskkonnas ARNO <strong>taotluse<\/strong><\/a>,<br \/>\n(siseneda hariduss\u00fcsteemi ja valida &#8220;Minu klapsed&#8221; -&gt;&#8221;Taotlused&#8221;)<a href=\"http:\/\/pass.piksel.ee\/ctrl\/et\/Auth\/login\/arno_parnu\/?back_url=https%3A%2F%2Farno.parnu.ee%2Fctrl%2Fee%2FLogin%2Flogin%2F&amp;vn=::0\"><img decoding=\"async\" loading=\"lazy\" class=\"wp-image-3647 aligncenter\" src=\"https:\/\/tostamaa.edu.ee\/wp-content\/uploads\/2017\/05\/arno.jpg\" alt=\"\" width=\"341\" height=\"276\" srcset=\"https:\/\/tostamaa.edu.ee\/wp-content\/uploads\/2017\/05\/arno.jpg 685w, https:\/\/tostamaa.edu.ee\/wp-content\/uploads\/2017\/05\/arno-300x243.jpg 300w\" sizes=\"(max-width: 341px) 100vw, 341px\" \/><\/a><\/p>\n<p>Keskkonda saab lisada \u00f5pilase dokumendid:<\/p>\n<p style=\"padding-left: 30px;\">\u00a0isikut t\u00f5endava dokumendi (selle puudumisel s\u00fcnnitunnistuse v\u00f5i -t\u00f5endi)<\/p>\n<p style=\"padding-left: 30px;\">ametlikult kinnitatud v\u00e4ljav\u00f5tte \u00f5pilase tervisekaardist;<\/p>\n<p style=\"padding-left: 30px;\">\u00f5pilasraamatu v\u00e4ljav\u00f5tte ja klassitunnistuse<\/p>\n<hr \/>\n<p><strong>Koolist lahkumiseks<\/strong> esitab vanem lahkumistaotluse<br \/>\n<a href=\"http:\/\/pass.piksel.ee\/ctrl\/et\/Auth\/login\/arno_parnu\/?back_url=https%3A%2F%2Farno.parnu.ee%2Fctrl%2Fee%2FLogin%2Flogin%2F&amp;vn=::0\">veebikeskkonnas ARNO<\/a><\/p>\n<p><em>Lisainfo tel 526 1935<\/em><\/p>\n<hr \/>\n<h2><strong>10. klassi vastuv\u00f5tu tingimused ja kord<\/strong><\/h2>\n<p>10. klassi (v\u00f5i teistesse g\u00fcmnaasiumiklassidesse)<br \/>\nvastuv\u00f5tmiseks esitab sisseastuja\u00a0<strong>vanem<\/strong>\u00a0<a href=\"http:\/\/pass.piksel.ee\/ctrl\/et\/Auth\/login\/arno_parnu\/?back_url=https%3A%2F%2Farno.parnu.ee%2Fctrl%2Fee%2FLogin%2Flogin%2F&amp;vn=::0\">veebikeskkonnas ARNO taotluse<\/a>,<br \/>\n(siseneda hariduss\u00fcsteemi ja valida link &#8220;Minu klapsed&#8221; -&gt;&#8221;Taotlused&#8221;)<a href=\"http:\/\/pass.piksel.ee\/ctrl\/et\/Auth\/login\/arno_parnu\/?back_url=https%3A%2F%2Farno.parnu.ee%2Fctrl%2Fee%2FLogin%2Flogin%2F&amp;vn=::0\"><img decoding=\"async\" loading=\"lazy\" class=\"wp-image-3647 aligncenter\" src=\"https:\/\/tostamaa.edu.ee\/wp-content\/uploads\/2017\/05\/arno.jpg\" alt=\"\" width=\"341\" height=\"276\" srcset=\"https:\/\/tostamaa.edu.ee\/wp-content\/uploads\/2017\/05\/arno.jpg 685w, https:\/\/tostamaa.edu.ee\/wp-content\/uploads\/2017\/05\/arno-300x243.jpg 300w\" sizes=\"(max-width: 341px) 100vw, 341px\" \/><\/a><\/p>\n<p>Keskkonda saab lisada sisseastuja dokumendid:<\/p>\n<p style=\"padding-left: 30px;\">\u00a0isikut t\u00f5endava dokumendi (selle puudumisel s\u00fcnnitunnistuse v\u00f5i -t\u00f5endi)<\/p>\n<p style=\"padding-left: 30px;\">ametlikult kinnitatud v\u00e4ljav\u00f5tte \u00f5pilase tervisekaardist;<\/p>\n<p style=\"padding-left: 30px;\">p\u00f5hihariduse omandamist t\u00f5endava dokumendi<\/p>\n<p>10. klass komplekteeritakse vastavalt elektroonilises veebikeskkonnas esitatud sooviavalduste laekumisele.<\/p>\n<p>10. klass komplekteeritakse p\u00f5hikooli l\u00f5putunnistuse keskmise ja l\u00f5pueksamite keskmise hinnete pingerea alusel.<br \/>\nVajadusel kutsutakse \u00f5pilane kooli direktori vestlusele, millest teavitatakse ette 3 t\u00f6\u00f6p\u00e4eva jooksul.<\/p>\n<p><em>Lisainfo tel 526 1935<\/em><\/p>\n","protected":false},"excerpt":{"rendered":"<p>1.-9. klassi vastuv\u00f5tt ja koolist lahkumine P\u00f5hikooli klassidesse\u00a0vastuv\u00f5tmiseks esitab vanem\u00a0veebikeskkonnas ARNO taotluse, (siseneda hariduss\u00fcsteemi ja valida &#8220;Minu klapsed&#8221; -&gt;&#8221;Taotlused&#8221;) Keskkonda saab lisada \u00f5pilase dokumendid: \u00a0isikut t\u00f5endava dokumendi (selle puudumisel s\u00fcnnitunnistuse v\u00f5i -t\u00f5endi) ametlikult kinnitatud v\u00e4ljav\u00f5tte \u00f5pilase tervisekaardist; \u00f5pilasraamatu v\u00e4ljav\u00f5tte ja klassitunnistuse Koolist lahkumiseks esitab vanem lahkumistaotluse veebikeskkonnas ARNO Lisainfo tel 526 1935 10. klassi vastuv\u00f5tu &hellip; <\/p>\n<p><a class=\"more-link btn\" href=\"https:\/\/tostamaa.edu.ee\/?page_id=4512\">J\u00e4tka lugemist<\/a><\/p>\n","protected":false},"author":1,"featured_media":0,"parent":66,"menu_order":0,"comment_status":"closed","ping_status":"closed","template":"","meta":{"footnotes":""},"_links":{"self":[{"href":"https:\/\/tostamaa.edu.ee\/index.php?rest_route=\/wp\/v2\/pages\/4512"}],"collection":[{"href":"https:\/\/tostamaa.edu.ee\/index.php?rest_route=\/wp\/v2\/pages"}],"about":[{"href":"https:\/\/tostamaa.edu.ee\/index.php?rest_route=\/wp\/v2\/types\/page"}],"author":[{"embeddable":true,"href":"https:\/\/tostamaa.edu.ee\/index.php?rest_route=\/wp\/v2\/users\/1"}],"replies":[{"embeddable":true,"href":"https:\/\/tostamaa.edu.ee\/index.php?rest_route=%2Fwp%2Fv2%2Fcomments&post=4512"}],"version-history":[{"count":3,"href":"https:\/\/tostamaa.edu.ee\/index.php?rest_route=\/wp\/v2\/pages\/4512\/revisions"}],"predecessor-version":[{"id":4515,"href":"https:\/\/tostamaa.edu.ee\/index.php?rest_route=\/wp\/v2\/pages\/4512\/revisions\/4515"}],"up":[{"embeddable":true,"href":"https:\/\/tostamaa.edu.ee\/index.php?rest_route=\/wp\/v2\/pages\/66"}],"wp:attachment":[{"href":"https:\/\/tostamaa.edu.ee\/index.php?rest_route=%2Fwp%2Fv2%2Fmedia&parent=4512"}],"curies":[{"name":"wp","href":"https:\/\/api.w.org\/{rel}","templated":true}]}}