{"id":48,"date":"2015-01-29T16:28:30","date_gmt":"2015-01-29T18:28:30","guid":{"rendered":"https:\/\/tostamaa.edu.ee\/?page_id=48"},"modified":"2025-10-23T08:22:03","modified_gmt":"2025-10-23T06:22:03","slug":"kroonika","status":"publish","type":"page","link":"https:\/\/tostamaa.edu.ee\/?page_id=48","title":{"rendered":"Kroonika"},"content":{"rendered":"<p><a href=\"https:\/\/tostamaakool-my.sharepoint.com\/:w:\/g\/personal\/karoliine_kask_tostamaakool_parnu_ee\/EZ74oO9lzT9GgVq3ECLdYjUBJqvGjmVmilHOSS1p5BkKmw?e=pTY77g\"><strong>2025\/2026 KROONIKA<\/strong><\/a><\/p>\n<p><strong><a href=\"https:\/\/tostamaakool-my.sharepoint.com\/:w:\/g\/personal\/karoliine_kask_tostamaakool_parnu_ee\/EU14-CJYv3RCo1mHb5yowkUBFmHU4dLtrmbXrW4gByqG-A?e=TDr1u4\">2024\/2025 KROONIKA<\/a><\/strong><\/p>\n<p><strong><a href=\"https:\/\/tostamaakool-my.sharepoint.com\/:w:\/g\/personal\/karoliine_kask_tostamaakool_parnu_ee\/Eec39c6_yBRJnA6T2_nRAzwBfXHAiqouUjVJoQnsOcMfZg?e=dScub8\">2023\/2024 KROONIKA<\/a><\/strong><\/p>\n<p><strong><a href=\"https:\/\/tostamaakool-my.sharepoint.com\/:w:\/g\/personal\/karoliine_kask_tostamaakool_parnu_ee\/EeQD068osVxMgHJO15TI-i4BXFdufds9ryD0DIdy37CAiQ?e=wfZNvk\">2022\/2023 KROONIKA<\/a><\/strong><\/p>\n<p><a href=\"https:\/\/docs.google.com\/document\/d\/1iRJAiMz4NXmuDc83wYRqsHBbj1hmTsGMGAYca9fo658\/edit?usp=sharing\"><strong>2021\/2022 KROONIKA<\/strong><\/a><\/p>\n<p><a href=\"https:\/\/docs.google.com\/document\/d\/1ikQDKkjWA1EhQELU1W0pCNZkjpKzek4yag7F8t_el8s\/edit?usp=sharing\"><strong>2020\/2021 KROONIKA<\/strong><\/a><\/p>\n<p><a href=\"https:\/\/docs.google.com\/document\/d\/1Q_abMWdm403Sb2QJAsc8Qfd59pjuSPL6xEspYEY45Mg\/edit?usp=sharing\"><strong>2019\/2020 KROONIKA<\/strong><\/a><\/p>\n<p><strong><a href=\"https:\/\/docs.google.com\/document\/d\/1At8jXtHNTOzRfWpJaKUM1Pcmy-XlRoCJQIxuuRdmeTQ\/edit?usp=sharing\">2018\/2019 KROONIKA<\/a><\/strong><\/p>\n<p><a href=\"https:\/\/docs.google.com\/document\/d\/1icHFGHEodj8SOtzoV_Bb05NAdDJib-CPDG3I0b5_D0U\/edit?usp=sharing\"><strong>2017\/2018 KROONIKA<\/strong><\/a><\/p>\n<p><strong><a href=\"https:\/\/docs.google.com\/document\/d\/1PKD_FRhxJsN6vcTkF1pVdNpjkOsV0jnc84HFOF8wSwM\/edit?usp=sharing\">2016\/2017 KROONIKA<\/a><\/strong><\/p>\n<p><strong><a href=\"https:\/\/docs.google.com\/document\/d\/1LAdLS4liJEkKG-YSvZ0wra7Ss7af5UjAeowGZ4Feqr0\/edit\">2015\/2016 KROONIKA<\/a><\/strong><\/p>\n<p><strong><a href=\"https:\/\/docs.google.com\/document\/d\/1U6MJGvsASKxMKUWONp4UO6lOUkmjAvlGcLK3oYtaYbQ\/edit\">2014\/2015 KROONIKA<\/a><\/strong><\/p>\n<p><a href=\"https:\/\/docs.google.com\/document\/d\/1vyG11os7aTjWu-a59L-uTHE4bTmtp5ZtXRjfjaHviLE\/edit?usp=sharing\"><strong>2013\/2014 KROONIKA<\/strong><\/a><\/p>\n<p><a href=\"https:\/\/docs.google.com\/document\/d\/1EVBSvzWGUQrgbfhN5lWBxRxjAkO_AV9Ni2mEKZnMs3M\/edit\"><strong>2012\/2013 KROONIKA<\/strong><\/a><\/p>\n<p><strong><a href=\"https:\/\/docs.google.com\/document\/d\/13Q8ixUiroy68n8g7_HqF6ecCwOJp1NfsiAdXo9s3L08\/edit\">2011\/2012 KROONIKA<\/a><\/strong><\/p>\n<p><strong><a href=\"https:\/\/docs.google.com\/document\/edit?id=1S99PFoR8lYaw3l0dMHMOZJZCxUyVGk0t38UT4H82JOk&amp;hl=en&amp;authkey=CMziqLME\">2010\/2011 KROONIKA<\/a><\/strong><\/p>\n<p><strong><a href=\"https:\/\/docs.google.com\/Doc?docid=0ATDqvDP-eCgFZGN4a2Nrem5fM2R6bWg3ZGY2&amp;hl=en\">2009\/2010 KROONIKA<\/a><\/strong><\/p>\n<p><a href=\"https:\/\/tostamaa.edu.ee\/wp-content\/uploads\/2015\/01\/IMG_0397.jpg\"><img decoding=\"async\" loading=\"lazy\" class=\"alignnone size-full wp-image-253\" src=\"https:\/\/tostamaa.edu.ee\/wp-content\/uploads\/2015\/01\/IMG_0397.jpg\" alt=\"IMG_0397\" width=\"1182\" height=\"960\" srcset=\"https:\/\/tostamaa.edu.ee\/wp-content\/uploads\/2015\/01\/IMG_0397.jpg 1182w, https:\/\/tostamaa.edu.ee\/wp-content\/uploads\/2015\/01\/IMG_0397-300x244.jpg 300w, https:\/\/tostamaa.edu.ee\/wp-content\/uploads\/2015\/01\/IMG_0397-1024x832.jpg 1024w\" sizes=\"(max-width: 1182px) 100vw, 1182px\" \/><\/a><\/p>\n<p><a href=\"https:\/\/tostamaa.edu.ee\/wp-content\/uploads\/2015\/01\/t\u00f6\u00f6\u00f5petuse-tunnis.jpg\"><img decoding=\"async\" loading=\"lazy\" class=\"alignnone size-full wp-image-255\" src=\"https:\/\/tostamaa.edu.ee\/wp-content\/uploads\/2015\/01\/t\u00f6\u00f6\u00f5petuse-tunnis.jpg\" alt=\"t\u00f6\u00f6\u00f5petuse tunnis\" width=\"1332\" height=\"960\" srcset=\"https:\/\/tostamaa.edu.ee\/wp-content\/uploads\/2015\/01\/t\u00f6\u00f6\u00f5petuse-tunnis.jpg 1332w, https:\/\/tostamaa.edu.ee\/wp-content\/uploads\/2015\/01\/t\u00f6\u00f6\u00f5petuse-tunnis-300x216.jpg 300w, https:\/\/tostamaa.edu.ee\/wp-content\/uploads\/2015\/01\/t\u00f6\u00f6\u00f5petuse-tunnis-1024x738.jpg 1024w\" sizes=\"(max-width: 1332px) 100vw, 1332px\" \/><\/a><\/p>\n<p><a href=\"https:\/\/tostamaa.edu.ee\/wp-content\/uploads\/2015\/01\/playback.jpg\"><img decoding=\"async\" loading=\"lazy\" class=\"alignnone size-full wp-image-256\" src=\"https:\/\/tostamaa.edu.ee\/wp-content\/uploads\/2015\/01\/playback.jpg\" alt=\"playback\" width=\"2048\" height=\"1266\" srcset=\"https:\/\/tostamaa.edu.ee\/wp-content\/uploads\/2015\/01\/playback.jpg 2048w, https:\/\/tostamaa.edu.ee\/wp-content\/uploads\/2015\/01\/playback-300x185.jpg 300w, https:\/\/tostamaa.edu.ee\/wp-content\/uploads\/2015\/01\/playback-1024x633.jpg 1024w\" sizes=\"(max-width: 2048px) 100vw, 2048px\" \/><\/a><a href=\"https:\/\/tostamaa.edu.ee\/wp-content\/uploads\/2015\/01\/keemikud.jpg\"><img decoding=\"async\" loading=\"lazy\" class=\"alignnone size-full wp-image-257\" src=\"https:\/\/tostamaa.edu.ee\/wp-content\/uploads\/2015\/01\/keemikud.jpg\" alt=\"keemikud\" width=\"2048\" height=\"1281\" srcset=\"https:\/\/tostamaa.edu.ee\/wp-content\/uploads\/2015\/01\/keemikud.jpg 2048w, https:\/\/tostamaa.edu.ee\/wp-content\/uploads\/2015\/01\/keemikud-300x188.jpg 300w, https:\/\/tostamaa.edu.ee\/wp-content\/uploads\/2015\/01\/keemikud-1024x641.jpg 1024w\" sizes=\"(max-width: 2048px) 100vw, 2048px\" \/><\/a><\/p>\n","protected":false},"excerpt":{"rendered":"<p>2025\/2026 KROONIKA 2024\/2025 KROONIKA 2023\/2024 KROONIKA 2022\/2023 KROONIKA 2021\/2022 KROONIKA 2020\/2021 KROONIKA 2019\/2020 KROONIKA 2018\/2019 KROONIKA 2017\/2018 KROONIKA 2016\/2017 KROONIKA 2015\/2016 KROONIKA 2014\/2015 KROONIKA 2013\/2014 KROONIKA 2012\/2013 KROONIKA 2011\/2012 KROONIKA 2010\/2011 KROONIKA 2009\/2010 KROONIKA<\/p>\n","protected":false},"author":1,"featured_media":0,"parent":44,"menu_order":0,"comment_status":"closed","ping_status":"open","template":"","meta":{"footnotes":""},"_links":{"self":[{"href":"https:\/\/tostamaa.edu.ee\/index.php?rest_route=\/wp\/v2\/pages\/48"}],"collection":[{"href":"https:\/\/tostamaa.edu.ee\/index.php?rest_route=\/wp\/v2\/pages"}],"about":[{"href":"https:\/\/tostamaa.edu.ee\/index.php?rest_route=\/wp\/v2\/types\/page"}],"author":[{"embeddable":true,"href":"https:\/\/tostamaa.edu.ee\/index.php?rest_route=\/wp\/v2\/users\/1"}],"replies":[{"embeddable":true,"href":"https:\/\/tostamaa.edu.ee\/index.php?rest_route=%2Fwp%2Fv2%2Fcomments&post=48"}],"version-history":[{"count":5,"href":"https:\/\/tostamaa.edu.ee\/index.php?rest_route=\/wp\/v2\/pages\/48\/revisions"}],"predecessor-version":[{"id":9452,"href":"https:\/\/tostamaa.edu.ee\/index.php?rest_route=\/wp\/v2\/pages\/48\/revisions\/9452"}],"up":[{"embeddable":true,"href":"https:\/\/tostamaa.edu.ee\/index.php?rest_route=\/wp\/v2\/pages\/44"}],"wp:attachment":[{"href":"https:\/\/tostamaa.edu.ee\/index.php?rest_route=%2Fwp%2Fv2%2Fmedia&parent=48"}],"curies":[{"name":"wp","href":"https:\/\/api.w.org\/{rel}","templated":true}]}}