{"id":52,"date":"2015-01-29T16:31:56","date_gmt":"2015-01-29T18:31:56","guid":{"rendered":"https:\/\/tostamaa.edu.ee\/?page_id=52"},"modified":"2025-10-08T08:46:01","modified_gmt":"2025-10-08T06:46:01","slug":"opetajad","status":"publish","type":"page","link":"https:\/\/tostamaa.edu.ee\/?page_id=52","title":{"rendered":"\u00d5petajad"},"content":{"rendered":"<p><em>* t\u00e4rniga on t\u00e4histatud need \u00f5petajad, kes on \u00f5ppinud meie koolis \u00a0 \u00a0<\/em><\/p>\n<p>Maris Adler (\u00f5ppejuht, keemia) &#8211; <a href=\"mailto:maris.adler@tostamaa.ee\">maris.adler@tostamaakool.parnu.ee<\/a><\/p>\n<p>Maili Arusalu (matemaatika) &#8211; <a href=\"mailto:maili.arusalu@tostamaakool.parnu.ee\">maili.arusalu@tostamaakool.parnu.ee<\/a><\/p>\n<p>Laura J\u00f5e* (kirjandus, digi- ja karj\u00e4\u00e4ri\u00f5petus, matemaatika) &#8211; <a href=\"mailto:laura.joe@tostamaakool.parnu.ee\">laura.joe@tostamaakool.parnu.ee<\/a><\/p>\n<p>Ivi Kask (muusika\u00f5petus, inimese\u00f5petus) &#8211; <a href=\"mailto:ivi.kask@tostamaakool.parnu.ee\">ivi.kask@tostamaakool.parnu.ee<\/a><\/p>\n<p>Karoliine Kask* (huvijuht, arvuti\u00f5petus) &#8211; <a href=\"mailto:karoliine.kask@tostamaakool.parnu.ee\">karoliine.kask@tostamaakool.parnu.ee<\/a><\/p>\n<p>Rene Kask (t\u00f6\u00f6- ja tehnoloogia\u00f5petus) &#8211; <a href=\"mailto:rene.kask@tostamaakool.parnu.ee\">rene.kask@tostamaakool.parnu.ee<\/a><\/p>\n<p>Mark Kiradi* (vene keel) &#8211; <a href=\"mailto:mark.kiradi@tostamaakool.parnu.ee\">mark.kiradi@tostamaakool.parnu.ee<\/a><\/p>\n<p>Ene Lehtsalu (kehaline kasvatus) &#8211; <a href=\"mailto:ene.lehtsalu@tostamaakool.parnu.ee\">ene.lehtsalu@tostamaakool.parnu.ee<\/a><\/p>\n<p>Kaie Leova (\u00f5pilaskodu \u00f6\u00f6kasvataja)<\/p>\n<p>Karin Lumera*\u00a0 (abi\u00f5petaja, karj\u00e4\u00e4ri\u00f5petus, \u00f5ppen\u00f5ustaja) &#8211; <a href=\"mailto:karin.lumera@tostamaakool.parnu.ee\">karin.lumera@tostamaakool.parnu.ee<\/a><\/p>\n<p>Mari L\u00fchiste* (raamatukogu juhataja) &#8211; <a href=\"mailto:mari.lyhiste@tostamaakool.parnu.ee\">mari.lyhiste@tostamaakool.parnu.ee<\/a><\/p>\n<p>Kaia Maasalu (eesti keel ja kirjandus) &#8211; <a href=\"mailto:mari.lyhiste@tostamaakool.parnu.ee\">kaia.maasalu@tostamaakool.parnu.ee<\/a><\/p>\n<p>Tiina Meister (abi\u00f5petaja) &#8211; <a href=\"mailto:tiina.meister@tostamaakool.parnu.ee\">tiina.meister@tostamaakool.parnu.ee<\/a><\/p>\n<p>Karin Mitt (matemaatika, majandus) &#8211; <a href=\"mailto:kaia.maasalu@tostamaakool.parnu.ee\">karin.mitt@tostamaakool.parnu.ee<\/a><\/p>\n<p>Toomas Mitt (direktor) &#8211; <a href=\"mailto:toomas.mitt@tostamaakool.parnu.ee\">toomas.mitt@tostamaakool.parnu.ee<\/a><\/p>\n<p>Kaidi Pirso* (algklassid, vene keel, majandus) &#8211; <a href=\"mailto:kaidi.pirso@tostamaakool.parnu.ee\">kaidi.pirso@tostamaakool.parnu.ee<\/a><\/p>\n<p>Kati Rahuoja (algklassid, inglise keel) &#8211; <a href=\"mailto:kati.rahuoja@tostamaakool.parnu.ee\">kati.rahuoja@tostamaakool.parnu.ee<\/a><\/p>\n<p>Epp Reinfeldt (algklassid, PPR) &#8211; <a href=\"mailto:epp.reinfeldt@tostamaakool.parnu.ee\">epp.reinfeldt@tostamaakool.parnu.ee<\/a><\/p>\n<p>Urmas Reinfeldt (keemia, f\u00fc\u00fcsika) &#8211; <a href=\"mailto:urmas.reinfeldt@tostamaakool.parnu.ee\">urmas.reinfeldt@tostamaakool.parnu.ee<\/a><\/p>\n<p>Kaarin Reinson* (algklassid, emakeel, kirjandus, majandus) &#8211; <a href=\"mailto:kaarin.reinson@tostamaakool.parnu.ee\">kaarin.reinson@tostamaakool.parnu.ee<\/a><\/p>\n<p>Eve R\u00f5hu (ps\u00fchholoog) &#8211; <a href=\"mailto:eve.rohu@onk.parnu.ee\">eve.rohu@onk.parnu.ee<\/a><\/p>\n<p>Kaja Saar* (\u00f5pilaskodu abikasvataja)<\/p>\n<p>Tiina Sahtel* (juhiabi, \u00f5pilaskodu kasvataja) &#8211; <a href=\"mailto:tiina.sahtel@tostamaakool.parnu.ee\">tiina.sahtel@tostamaakool.parnu.ee<\/a><\/p>\n<p>\u00d5nne Salk\u00a0(\u00f5pilaskodu kasvataja) &#8211; <a href=\"mailto:onne.salk@tostamaakool.parnu.ee\">onne.salk@tostamaakool.parnu.ee<\/a><\/p>\n<p>Margit Salmar (eesti keel ja kirjandus) &#8211; <a href=\"mailto:margit.salmar@tostamaakool.parnu.ee\">margit.salmar@tostamaakool.parnu.ee<\/a><\/p>\n<p>Aimar Siliv\u00e4lja* (ajalugu, \u00fchiskonna\u00f5petus, filosoofia,PPR) &#8211; <a href=\"mailto:aimar.silivalja@tostamaakool.parnu.ee\">aimar.silivalja@tostamaakool.parnu.ee<\/a><\/p>\n<p>Jaanika Soosaar* (inglise keel) &#8211; <a href=\"mailto:jaanika.soosaar@tostamaakool.parnu.ee\">jaanika.soosaar@tostamaakool.parnu.ee<\/a><\/p>\n<p>Sven Tallo (inglise keel, soome keel) &#8211; <a href=\"mailto:sven.tallo@tostamaakool.parnu.ee\">sven.tallo@tostamaakool.parnu.ee<\/a><\/p>\n<p>Kirsti Talu (sotsiaalpedagoog, emakeel, kirjandus) &#8211; <a href=\"mailto:kirsti.talu@tostamaakool.parnu.ee\">kirsti.talu@tostamaakool.parnu.ee<\/a><\/p>\n<p>Ene Tamm (abi\u00f5petaja) &#8211; <a href=\"mailto:ene.tamm@tostamaakool.parnu.ee\">ene.tamm@tostamaakool.parnu.ee<\/a><\/p>\n<p>Triin Tamme (eripedagoog, logopeed) &#8211; <a href=\"mailto:triin.tamme@tostamaakool.parnu.ee\">triin.tamme@tostamaakool.parnu.ee<\/a><\/p>\n<p>Heili Timm (bioloogia, geograafia, loodus\u00f5petus) &#8211; <a href=\"mailto:heili.timm@tostamaakool.parnu.ee\">heili.timm@tostamaakool.parnu.ee<\/a><\/p>\n<p>Ivo Uutar (arvuti\u00f5petus) &#8211; <a href=\"mailto:ivo.uutar@tostamaakool.parnu.ee\">ivo.uutar@tostamaakool.parnu.ee<\/a><\/p>\n<p>Inger Vahuvee* (k\u00e4sit\u00f6\u00f6 ja kunsti\u00f5petus) &#8211; <a href=\"mailto:inger.vahuvee@tostamaakool.parnu.ee\">inger.vahuvee@tostamaakool.parnu.ee<\/a><\/p>\n\n\n<figure class=\"wp-block-image size-large is-resized\"><a href=\"https:\/\/tostamaa.edu.ee\/wp-content\/uploads\/2025\/09\/540553278_1361922999266183_3190763150573147131_n.jpg\"><img decoding=\"async\" loading=\"lazy\" width=\"1024\" height=\"683\" src=\"https:\/\/tostamaa.edu.ee\/wp-content\/uploads\/2025\/09\/540553278_1361922999266183_3190763150573147131_n-1024x683.jpg\" alt=\"\" class=\"wp-image-9275\" style=\"aspect-ratio:1.499267935578331;width:945px;height:auto\" srcset=\"https:\/\/tostamaa.edu.ee\/wp-content\/uploads\/2025\/09\/540553278_1361922999266183_3190763150573147131_n-1024x683.jpg 1024w, https:\/\/tostamaa.edu.ee\/wp-content\/uploads\/2025\/09\/540553278_1361922999266183_3190763150573147131_n-300x200.jpg 300w, https:\/\/tostamaa.edu.ee\/wp-content\/uploads\/2025\/09\/540553278_1361922999266183_3190763150573147131_n-768x512.jpg 768w, https:\/\/tostamaa.edu.ee\/wp-content\/uploads\/2025\/09\/540553278_1361922999266183_3190763150573147131_n-1536x1025.jpg 1536w, https:\/\/tostamaa.edu.ee\/wp-content\/uploads\/2025\/09\/540553278_1361922999266183_3190763150573147131_n-944x630.jpg 944w, https:\/\/tostamaa.edu.ee\/wp-content\/uploads\/2025\/09\/540553278_1361922999266183_3190763150573147131_n.jpg 2048w\" sizes=\"(max-width: 1024px) 100vw, 1024px\" \/><\/a><\/figure>\n\n\n<p>\u00d5petajad ja kooli t\u00f6\u00f6tajad 2025\/2026<\/p>\n<\/p>\n<hr \/>\n<p><a href=\"https:\/\/tostamaa.edu.ee\/wp-content\/uploads\/2015\/01\/IMG_20201022_1012591.jpg\"><img decoding=\"async\" loading=\"lazy\" class=\"aligncenter size-full wp-image-5512\" src=\"https:\/\/tostamaa.edu.ee\/wp-content\/uploads\/2015\/01\/IMG_20201022_1012591.jpg\" alt=\"\" width=\"1920\" height=\"929\" srcset=\"https:\/\/tostamaa.edu.ee\/wp-content\/uploads\/2015\/01\/IMG_20201022_1012591.jpg 1920w, https:\/\/tostamaa.edu.ee\/wp-content\/uploads\/2015\/01\/IMG_20201022_1012591-300x145.jpg 300w, https:\/\/tostamaa.edu.ee\/wp-content\/uploads\/2015\/01\/IMG_20201022_1012591-768x372.jpg 768w, https:\/\/tostamaa.edu.ee\/wp-content\/uploads\/2015\/01\/IMG_20201022_1012591-1024x495.jpg 1024w\" sizes=\"(max-width: 1920px) 100vw, 1920px\" \/><\/a><a href=\"https:\/\/tostamaa.edu.ee\/wp-content\/uploads\/2015\/01\/TOM_2367.jpg\"><img decoding=\"async\" loading=\"lazy\" class=\"aligncenter size-full wp-image-5412\" src=\"https:\/\/tostamaa.edu.ee\/wp-content\/uploads\/2015\/01\/TOM_2367.jpg\" alt=\"\" width=\"2560\" height=\"1847\" srcset=\"https:\/\/tostamaa.edu.ee\/wp-content\/uploads\/2015\/01\/TOM_2367.jpg 2560w, https:\/\/tostamaa.edu.ee\/wp-content\/uploads\/2015\/01\/TOM_2367-300x216.jpg 300w, https:\/\/tostamaa.edu.ee\/wp-content\/uploads\/2015\/01\/TOM_2367-768x554.jpg 768w, https:\/\/tostamaa.edu.ee\/wp-content\/uploads\/2015\/01\/TOM_2367-1024x739.jpg 1024w\" sizes=\"(max-width: 2560px) 100vw, 2560px\" \/><\/a><a href=\"https:\/\/tostamaa.edu.ee\/wp-content\/uploads\/2015\/01\/TOM_3821.jpg\"><img decoding=\"async\" loading=\"lazy\" class=\"aligncenter size-full wp-image-5524\" src=\"https:\/\/tostamaa.edu.ee\/wp-content\/uploads\/2015\/01\/TOM_3821.jpg\" alt=\"\" width=\"2560\" height=\"1510\" srcset=\"https:\/\/tostamaa.edu.ee\/wp-content\/uploads\/2015\/01\/TOM_3821.jpg 2560w, https:\/\/tostamaa.edu.ee\/wp-content\/uploads\/2015\/01\/TOM_3821-300x177.jpg 300w, https:\/\/tostamaa.edu.ee\/wp-content\/uploads\/2015\/01\/TOM_3821-768x453.jpg 768w, https:\/\/tostamaa.edu.ee\/wp-content\/uploads\/2015\/01\/TOM_3821-1024x604.jpg 1024w\" sizes=\"(max-width: 2560px) 100vw, 2560px\" \/><\/a><\/p>\n<p><a href=\"https:\/\/tostamaa.edu.ee\/wp-content\/uploads\/2015\/01\/\u00f5petajate-ajur\u00fcnnak.jpg\"><img decoding=\"async\" loading=\"lazy\" class=\"alignnone size-full wp-image-1248\" src=\"https:\/\/tostamaa.edu.ee\/wp-content\/uploads\/2015\/01\/\u00f5petajate-ajur\u00fcnnak.jpg\" alt=\"\u00f5petajate ajur\u00fcnnak\" width=\"3072\" height=\"2048\" srcset=\"https:\/\/tostamaa.edu.ee\/wp-content\/uploads\/2015\/01\/\u00f5petajate-ajur\u00fcnnak.jpg 3072w, https:\/\/tostamaa.edu.ee\/wp-content\/uploads\/2015\/01\/\u00f5petajate-ajur\u00fcnnak-300x200.jpg 300w, https:\/\/tostamaa.edu.ee\/wp-content\/uploads\/2015\/01\/\u00f5petajate-ajur\u00fcnnak-1024x683.jpg 1024w\" sizes=\"(max-width: 3072px) 100vw, 3072px\" \/><\/a><\/p>\n<p><a href=\"https:\/\/tostamaa.edu.ee\/wp-content\/uploads\/2015\/01\/TOM_7830.jpg\"><img decoding=\"async\" loading=\"lazy\" class=\"aligncenter size-full wp-image-3837\" src=\"https:\/\/tostamaa.edu.ee\/wp-content\/uploads\/2015\/01\/TOM_7830.jpg\" alt=\"\" width=\"2048\" height=\"1155\" srcset=\"https:\/\/tostamaa.edu.ee\/wp-content\/uploads\/2015\/01\/TOM_7830.jpg 2048w, https:\/\/tostamaa.edu.ee\/wp-content\/uploads\/2015\/01\/TOM_7830-300x169.jpg 300w, https:\/\/tostamaa.edu.ee\/wp-content\/uploads\/2015\/01\/TOM_7830-768x433.jpg 768w, https:\/\/tostamaa.edu.ee\/wp-content\/uploads\/2015\/01\/TOM_7830-1024x578.jpg 1024w\" sizes=\"(max-width: 2048px) 100vw, 2048px\" \/><\/a><\/p>\n<p><a href=\"https:\/\/tostamaa.edu.ee\/wp-content\/uploads\/2015\/01\/44228324_10210652286698119_1896798810798030848_o.jpg\"><img decoding=\"async\" loading=\"lazy\" class=\"aligncenter size-full wp-image-4203\" src=\"https:\/\/tostamaa.edu.ee\/wp-content\/uploads\/2015\/01\/44228324_10210652286698119_1896798810798030848_o.jpg\" alt=\"\" width=\"2048\" height=\"1295\" srcset=\"https:\/\/tostamaa.edu.ee\/wp-content\/uploads\/2015\/01\/44228324_10210652286698119_1896798810798030848_o.jpg 2048w, https:\/\/tostamaa.edu.ee\/wp-content\/uploads\/2015\/01\/44228324_10210652286698119_1896798810798030848_o-300x190.jpg 300w, https:\/\/tostamaa.edu.ee\/wp-content\/uploads\/2015\/01\/44228324_10210652286698119_1896798810798030848_o-768x486.jpg 768w, https:\/\/tostamaa.edu.ee\/wp-content\/uploads\/2015\/01\/44228324_10210652286698119_1896798810798030848_o-1024x648.jpg 1024w\" sizes=\"(max-width: 2048px) 100vw, 2048px\" \/><\/a><\/p>\n<p><a href=\"https:\/\/tostamaa.edu.ee\/wp-content\/uploads\/2016\/10\/DSC_0741.jpg\"><img decoding=\"async\" loading=\"lazy\" class=\"aligncenter size-full wp-image-2000\" src=\"https:\/\/tostamaa.edu.ee\/wp-content\/uploads\/2016\/10\/DSC_0741.jpg\" alt=\"dsc_0741\" width=\"1920\" height=\"1177\" srcset=\"https:\/\/tostamaa.edu.ee\/wp-content\/uploads\/2016\/10\/DSC_0741.jpg 1920w, https:\/\/tostamaa.edu.ee\/wp-content\/uploads\/2016\/10\/DSC_0741-300x184.jpg 300w, https:\/\/tostamaa.edu.ee\/wp-content\/uploads\/2016\/10\/DSC_0741-1024x628.jpg 1024w\" sizes=\"(max-width: 1920px) 100vw, 1920px\" \/><\/a><\/p>\n<p><a href=\"https:\/\/tostamaa.edu.ee\/wp-content\/uploads\/2016\/10\/opetajate_paev_051016.jpg\"><img decoding=\"async\" loading=\"lazy\" class=\"aligncenter size-full wp-image-1980\" src=\"https:\/\/tostamaa.edu.ee\/wp-content\/uploads\/2016\/10\/opetajate_paev_051016.jpg\" alt=\"opetajate_paev_051016\" width=\"1920\" height=\"1219\" srcset=\"https:\/\/tostamaa.edu.ee\/wp-content\/uploads\/2016\/10\/opetajate_paev_051016.jpg 1920w, https:\/\/tostamaa.edu.ee\/wp-content\/uploads\/2016\/10\/opetajate_paev_051016-300x190.jpg 300w, https:\/\/tostamaa.edu.ee\/wp-content\/uploads\/2016\/10\/opetajate_paev_051016-1024x650.jpg 1024w\" sizes=\"(max-width: 1920px) 100vw, 1920px\" \/><\/a> <a href=\"https:\/\/tostamaa.edu.ee\/wp-content\/uploads\/2016\/10\/stiilip\u00e4ev_loomad.jpg\"><img decoding=\"async\" loading=\"lazy\" class=\"aligncenter size-full wp-image-1971\" src=\"https:\/\/tostamaa.edu.ee\/wp-content\/uploads\/2016\/10\/stiilip\u00e4ev_loomad.jpg\" alt=\"stiilipaev_loomad\" width=\"1920\" height=\"1235\" srcset=\"https:\/\/tostamaa.edu.ee\/wp-content\/uploads\/2016\/10\/stiilip\u00e4ev_loomad.jpg 1920w, https:\/\/tostamaa.edu.ee\/wp-content\/uploads\/2016\/10\/stiilip\u00e4ev_loomad-300x193.jpg 300w, https:\/\/tostamaa.edu.ee\/wp-content\/uploads\/2016\/10\/stiilip\u00e4ev_loomad-1024x659.jpg 1024w\" sizes=\"(max-width: 1920px) 100vw, 1920px\" \/><\/a> <a href=\"https:\/\/tostamaa.edu.ee\/wp-content\/uploads\/2016\/10\/80ndad_opetajate_nadal2.jpg\"><img decoding=\"async\" loading=\"lazy\" class=\"aligncenter size-full wp-image-1965\" src=\"https:\/\/tostamaa.edu.ee\/wp-content\/uploads\/2016\/10\/80ndad_opetajate_nadal2.jpg\" alt=\"80ndad_opetajate_nadal2\" width=\"1920\" height=\"1042\" srcset=\"https:\/\/tostamaa.edu.ee\/wp-content\/uploads\/2016\/10\/80ndad_opetajate_nadal2.jpg 1920w, https:\/\/tostamaa.edu.ee\/wp-content\/uploads\/2016\/10\/80ndad_opetajate_nadal2-300x163.jpg 300w, https:\/\/tostamaa.edu.ee\/wp-content\/uploads\/2016\/10\/80ndad_opetajate_nadal2-1024x556.jpg 1024w\" sizes=\"(max-width: 1920px) 100vw, 1920px\" \/><\/a><\/p>\n\n\n<figure class=\"wp-block-gallery has-nested-images columns-default is-cropped wp-block-gallery-1 is-layout-flex wp-block-gallery-is-layout-flex\"><\/figure>\n","protected":false},"excerpt":{"rendered":"<p>* t\u00e4rniga on t\u00e4histatud need \u00f5petajad, kes on \u00f5ppinud meie koolis \u00a0 \u00a0 Maris Adler (\u00f5ppejuht, keemia) &#8211; maris.adler@tostamaakool.parnu.ee Maili Arusalu (matemaatika) &#8211; maili.arusalu@tostamaakool.parnu.ee Laura J\u00f5e* (kirjandus, digi- ja karj\u00e4\u00e4ri\u00f5petus, matemaatika) &#8211; laura.joe@tostamaakool.parnu.ee Ivi Kask (muusika\u00f5petus, inimese\u00f5petus) &#8211; ivi.kask@tostamaakool.parnu.ee Karoliine Kask* (huvijuht, arvuti\u00f5petus) &#8211; karoliine.kask@tostamaakool.parnu.ee Rene Kask (t\u00f6\u00f6- ja tehnoloogia\u00f5petus) &#8211; rene.kask@tostamaakool.parnu.ee Mark Kiradi* (vene &hellip; <\/p>\n<p><a class=\"more-link btn\" href=\"https:\/\/tostamaa.edu.ee\/?page_id=52\">J\u00e4tka lugemist<\/a><\/p>\n","protected":false},"author":1,"featured_media":0,"parent":44,"menu_order":0,"comment_status":"closed","ping_status":"open","template":"","meta":{"footnotes":""},"_links":{"self":[{"href":"https:\/\/tostamaa.edu.ee\/index.php?rest_route=\/wp\/v2\/pages\/52"}],"collection":[{"href":"https:\/\/tostamaa.edu.ee\/index.php?rest_route=\/wp\/v2\/pages"}],"about":[{"href":"https:\/\/tostamaa.edu.ee\/index.php?rest_route=\/wp\/v2\/types\/page"}],"author":[{"embeddable":true,"href":"https:\/\/tostamaa.edu.ee\/index.php?rest_route=\/wp\/v2\/users\/1"}],"replies":[{"embeddable":true,"href":"https:\/\/tostamaa.edu.ee\/index.php?rest_route=%2Fwp%2Fv2%2Fcomments&post=52"}],"version-history":[{"count":5,"href":"https:\/\/tostamaa.edu.ee\/index.php?rest_route=\/wp\/v2\/pages\/52\/revisions"}],"predecessor-version":[{"id":9400,"href":"https:\/\/tostamaa.edu.ee\/index.php?rest_route=\/wp\/v2\/pages\/52\/revisions\/9400"}],"up":[{"embeddable":true,"href":"https:\/\/tostamaa.edu.ee\/index.php?rest_route=\/wp\/v2\/pages\/44"}],"wp:attachment":[{"href":"https:\/\/tostamaa.edu.ee\/index.php?rest_route=%2Fwp%2Fv2%2Fmedia&parent=52"}],"curies":[{"name":"wp","href":"https:\/\/api.w.org\/{rel}","templated":true}]}}