{"id":724,"date":"2015-09-04T09:04:49","date_gmt":"2015-09-04T07:04:49","guid":{"rendered":"https:\/\/tostamaa.edu.ee\/?page_id=724"},"modified":"2019-03-22T14:53:59","modified_gmt":"2019-03-22T12:53:59","slug":"kiva","status":"publish","type":"page","link":"https:\/\/tostamaa.edu.ee\/?page_id=724","title":{"rendered":"KiVa"},"content":{"rendered":"<p><a href=\"https:\/\/tostamaa.edu.ee\/wp-content\/uploads\/2015\/09\/KiVa_logo_weebi.jpg\"><img decoding=\"async\" loading=\"lazy\" class=\"alignnone size-full wp-image-725\" src=\"https:\/\/tostamaa.edu.ee\/wp-content\/uploads\/2015\/09\/KiVa_logo_weebi.jpg\" alt=\"KiVa_logo_weebi\" width=\"979\" height=\"482\" srcset=\"https:\/\/tostamaa.edu.ee\/wp-content\/uploads\/2015\/09\/KiVa_logo_weebi.jpg 979w, https:\/\/tostamaa.edu.ee\/wp-content\/uploads\/2015\/09\/KiVa_logo_weebi-300x148.jpg 300w\" sizes=\"(max-width: 979px) 100vw, 979px\" \/><\/a><\/p>\n<p>Hetkel ei rakendata KIVa meetodeid T\u00f5stamaa Keskkoolis, programmiga liitumine on l\u00f5petatud.<\/p>\n<p><strong>KiVa t\u00e4hendab kiusamise vastu.<\/strong> KiVa on Soome Haridusministeeriumi \u00fclesandel ning Turu \u00dclikooli teadlaste poolt aastatel 2006\u20132009 v\u00e4ljat\u00f6\u00f6tatud t\u00f5endusp\u00f5hine programm, mis on aidanud oluliselt v\u00e4hendada koolikiusamist ning \u00f5pilaste koolist v\u00e4ljalangevust Soome koolides. Soomes rakendavad KiVa programmi 90% \u00fcldhariduskoolidest.<\/p>\n<p><strong>KiVa programm:<\/strong><br \/>\n1) sisaldab nii kiusamisevastast ennetust\u00f6\u00f6d kui ka kiusamisjuhtumite lahendamise mudelit;<br \/>\n2) kaasab k\u00f5ik osapooled: kooli personali, \u00f5pilased, lapsevanemad;<br \/>\n3) programmi t\u00f5husust m\u00f5\u00f5dab iga-aastane uuring, mis annab koolile tagasisidet programmi m\u00f5ju kohta kiusamisele.<\/p>\n<p>Soome ja teiste riikide kogemus n\u00e4itab, et p\u00e4rast KiVa programmi rakendamist on osalevates koolides v\u00e4henenud kiusamise sagedus erinevate kiusamise vormide osas, v\u00e4henenud on \u00f5pilaste \u00e4revus ja depressiivsus ning \u00f5pilaste koolist v\u00e4ljalangevus, suurenenud on kooli meeldimine ja \u00f5pilaste \u00f5ppeedukus, paranenud on suhtekliima kaaslastega.<\/p>\n<p>Uuringutest KiVa t\u00f5hususe kohta saate lugeda <a href=\"http:\/\/www.kivaprogram.net\">www.kivaprogram.net<\/a><\/p>\n<p>2013.\u20132014. \u00f5ppeaastal viis SA Kiusamise Vastu l\u00e4bi KiVa programmi rakendamise pilootprojekti kahek\u00fcmnes Eesti koolis (1.\u20136. klass) ning ligi 5000 \u00f5pilase k\u00fcsitlus n\u00e4itas KiVa katsetanud koolides olulist kiusamise ohvrite hulga v\u00e4henemist v\u00f5rreldes nii \u00f5ppeaasta alguse kui KiVa mitte kasutanud koolidega.<\/p>\n<p><strong>KiVa tundides \u00f5pivad lapsed kiusamise vastu v\u00f5itlemise viise<\/strong><br \/>\nKiVa on koolis n\u00e4htav mitmel moel. 1.\u20136. klassi \u00f5pilased osalevad KiVa tundides (10 kohtumist, igas neist kaks 45-minutilist tundi). Tundides arutletakse, tehakse r\u00fchmat\u00f6id, rollim\u00e4nge ja vaadatakse l\u00fchifilme kiusamise kohta. Tundide teemad varieeruvad alates lugupidamisest inimsuhetes kuni kiusamise peatamise v\u00f5teteni. Mitmed tunnid keskenduvad sellele, milline v\u00f5ib olla grupi roll kiusamise kestmaj\u00e4\u00e4misel v\u00f5i peatamisel; \u00f5pilased m\u00f5tlevad erinevate kiusamisele vastu hakkamise viiside \u00fcle ja harjutavad neid. Tunde toetab KiVa kiusamisvastane arvutim\u00e4ng*. KiVa plakatid koolimaja seintel hoiavad programmi pidevalt n\u00e4htaval.<br \/>\n* Arvutim\u00e4ng on veel Eestis kohandamata.<\/p>\n<p><strong>Kiusamise juhtumitesse sekkuvad KiVa-meeskond ja klassijuhataja <\/strong><br \/>\nIgas koolis on t\u00f6\u00f6r\u00fchm \u2013 KiVa-meeskond, mis koosneb v\u00e4hemalt kolmest \u00f5petajast v\u00f5i muust koolipersonali liikmest. Nemad sekkuvad koost\u00f6\u00f6s klassijuhatajaga m\u00e4rgatud kiusamisjuhtumitesse. KiVa-meeskond on saanud ettevalmistuse KiVa programmi ja kiusamisjuhtumitesse sekkumise osas.<\/p>\n<p>Kui kahtlustate, et Teie last kiusatakse v\u00f5i Teil on alust arvata, et ta kiusab ise teisi, palun v\u00f5tke kooliga \u00fchendust, et toimuvaga saaks tegeleda nii varakult ja t\u00f5husalt kui v\u00f5imalik! Arutlege koos oma lapsega kiusamise \u00fcle, tehke seda isegi siis, kui ta ise ei ole ohver ega kiusa teisi. On oluline, et m\u00f5tleksite Te koos oma lapsega selle \u00fcle, mida teha, kui kedagi tema koolis kiusatakse!<\/p>\n<p>KiVa programmi ja SA Kiusamise Vastu tegemiste kohta saate l\u00e4hemalt lugeda: <a href=\"http:\/\/www.kivaprogram.net\/estonia\">http:\/\/www.kivaprogram.net\/estonia<\/a><br \/>\n<a href=\"https:\/\/www.facebook.com\/Kivaeesti\">https:\/\/www.facebook.com\/Kivaeesti<\/a><\/p>\n<p><strong>T\u00f5stamaa KK KIVa tiimis olid:<\/strong><br \/>\n<strong>* Karoliine Kask<\/strong>&#8211; huvijuht, arvuti\u00f5petuse \u00f5petaja, klassijuhataja, T\u00f5stamaa Noortekeskuse juhataja<br \/>\n<strong>* Kirsti Talu<\/strong>&#8211; sotsiaalpedagoog, eesti keele ja kirjanduse \u00f5petaja, klassijuhataja, HEV koordineerija<br \/>\n<strong>* Maris Adler<\/strong>&#8211; keemia ja f\u00fc\u00fcsika\u00f5petaja, \u00f5ppejuht<\/p>\n","protected":false},"excerpt":{"rendered":"<p>Hetkel ei rakendata KIVa meetodeid T\u00f5stamaa Keskkoolis, programmiga liitumine on l\u00f5petatud. KiVa t\u00e4hendab kiusamise vastu. KiVa on Soome Haridusministeeriumi \u00fclesandel ning Turu \u00dclikooli teadlaste poolt aastatel 2006\u20132009 v\u00e4ljat\u00f6\u00f6tatud t\u00f5endusp\u00f5hine programm, mis on aidanud oluliselt v\u00e4hendada koolikiusamist ning \u00f5pilaste koolist v\u00e4ljalangevust Soome koolides. Soomes rakendavad KiVa programmi 90% \u00fcldhariduskoolidest. KiVa programm: 1) sisaldab nii kiusamisevastast ennetust\u00f6\u00f6d &hellip; <\/p>\n<p><a class=\"more-link btn\" href=\"https:\/\/tostamaa.edu.ee\/?page_id=724\">J\u00e4tka lugemist<\/a><\/p>\n","protected":false},"author":1,"featured_media":0,"parent":2,"menu_order":0,"comment_status":"closed","ping_status":"closed","template":"","meta":{"footnotes":""},"_links":{"self":[{"href":"https:\/\/tostamaa.edu.ee\/index.php?rest_route=\/wp\/v2\/pages\/724"}],"collection":[{"href":"https:\/\/tostamaa.edu.ee\/index.php?rest_route=\/wp\/v2\/pages"}],"about":[{"href":"https:\/\/tostamaa.edu.ee\/index.php?rest_route=\/wp\/v2\/types\/page"}],"author":[{"embeddable":true,"href":"https:\/\/tostamaa.edu.ee\/index.php?rest_route=\/wp\/v2\/users\/1"}],"replies":[{"embeddable":true,"href":"https:\/\/tostamaa.edu.ee\/index.php?rest_route=%2Fwp%2Fv2%2Fcomments&post=724"}],"version-history":[{"count":5,"href":"https:\/\/tostamaa.edu.ee\/index.php?rest_route=\/wp\/v2\/pages\/724\/revisions"}],"predecessor-version":[{"id":4312,"href":"https:\/\/tostamaa.edu.ee\/index.php?rest_route=\/wp\/v2\/pages\/724\/revisions\/4312"}],"up":[{"embeddable":true,"href":"https:\/\/tostamaa.edu.ee\/index.php?rest_route=\/wp\/v2\/pages\/2"}],"wp:attachment":[{"href":"https:\/\/tostamaa.edu.ee\/index.php?rest_route=%2Fwp%2Fv2%2Fmedia&parent=724"}],"curies":[{"name":"wp","href":"https:\/\/api.w.org\/{rel}","templated":true}]}}