{"id":810,"date":"2015-10-04T11:16:56","date_gmt":"2015-10-04T09:16:56","guid":{"rendered":"https:\/\/tostamaa.edu.ee\/?page_id=810"},"modified":"2025-02-10T11:25:36","modified_gmt":"2025-02-10T09:25:36","slug":"lapsevanemale","status":"publish","type":"page","link":"https:\/\/tostamaa.edu.ee\/?page_id=810","title":{"rendered":"Lapsevanemale"},"content":{"rendered":"<h3><\/h3>\n<hr \/>\n<p><strong>Noorsoopolitseinik:<\/strong><br \/>\ntel 51943179\u00a0 Kerda Saagim\u00a0 \u00a0 kerda.saagim@politsei.ee<\/p>\n<hr \/>\n<p><a href=\"https:\/\/tostamaa.edu.ee\/wp-content\/uploads\/2015\/10\/DSC_0921.jpg\"><img decoding=\"async\" loading=\"lazy\" class=\"aligncenter size-full wp-image-4804\" src=\"https:\/\/tostamaa.edu.ee\/wp-content\/uploads\/2015\/10\/DSC_0921.jpg\" alt=\"\" width=\"2560\" height=\"1671\" srcset=\"https:\/\/tostamaa.edu.ee\/wp-content\/uploads\/2015\/10\/DSC_0921.jpg 2560w, https:\/\/tostamaa.edu.ee\/wp-content\/uploads\/2015\/10\/DSC_0921-300x196.jpg 300w, https:\/\/tostamaa.edu.ee\/wp-content\/uploads\/2015\/10\/DSC_0921-768x501.jpg 768w, https:\/\/tostamaa.edu.ee\/wp-content\/uploads\/2015\/10\/DSC_0921-1024x668.jpg 1024w\" sizes=\"(max-width: 2560px) 100vw, 2560px\" \/><\/a><a href=\"http:\/\/m.postimees.ee\/section\/319\/226978?utm_campaign=fb_social&amp;utm_source=m.postimees.ee&amp;utm_medium=button_article&amp;utm_content=226978\">Miks me laseme lastel endale p\u00e4he istuda?<\/a><\/p>\n<p><a href=\"http:\/\/perejalaps.delfi.ee\/lasteaialaps\/kuidas-laps-targemaks-muuta-10-teaduslikult-toestatud-sammu?id=73864153\">Kuidas laps targemaks muuta: 10 teaduslikult t\u00f5estatud sammu<\/a><\/p>\n<hr \/>\n<div class=\"embed-container\"><iframe loading=\"lazy\" title=\"Olukord 1\/5\" width=\"944\" height=\"531\" src=\"https:\/\/www.youtube.com\/embed\/I7Nyr5uWwks?feature=oembed\" frameborder=\"0\" allow=\"accelerometer; autoplay; clipboard-write; encrypted-media; gyroscope; picture-in-picture; web-share\" referrerpolicy=\"strict-origin-when-cross-origin\" allowfullscreen><\/iframe><\/div>\n<p>Rohkem \u00f5petlike videosid leiab\u00a0<a class=\"spf-link branded-page-header-title-link yt-uix-sessionlink\" dir=\"ltr\" title=\"Perekeskus Sina ja Mina\" href=\"https:\/\/www.youtube.com\/channel\/UCcpFMAzELJ9WKo2gUloyRgA\" data-sessionlink=\"ei=6cM4Vq38F4aCd5fUvvgB\">Perekeskus Sina ja Mina<\/a>\u00a0vahendusel.<\/p>\n<hr \/>\n<h3>Kuidas toetada oma last?<\/h3>\n<p>Iga noor inimene vajab lapsevanema toetavaid s\u00f5nu ja tegusid igap\u00e4evaste otsuste tegemise juures ja kaalukamates koolil\u00f5petamise, edasi\u00f5ppimise ning teistes tulevikuga seotud k\u00fcsimustes. V\u00e4iksemad lapsed teevad enamik otsuseid koos vanematega, kuid aegamisi tugevneb noortel soov iseseisvamalt valikuid langetada.<\/p>\n<p>Loe edasi\u00a0<a href=\"http:\/\/rajaleidja.ee\/lapsevanemale\/\">http:\/\/rajaleidja.ee\/lapsevanemale\/<\/a><\/p>\n<hr \/>\n<h2>MT\u00dc Laste ja Noorte Kriisiprogramm<\/h2>\n<p>Juhised lapsevanemale<\/p>\n<p>Hirmutav\/traumaatiline kogemus on reaalse v\u00f5i kujutletava ohu\u00a0(\u00e4hvarduse) kogemine, millega kaasneb \u00fclitugev hirm ja \u00e4\u00e4rmine<br \/>\nabitusetunne\/\u00f5nnetusjuhtumis osalemine ja selle pealtn\u00e4gemine, v\u00e4givald \u2013nii\u00a0f\u00fc\u00fcsiline kui emotsionaalne, l\u00e4hedase inimese v\u00f5i lemmiklooma surm,\u00a0tulekahju, uppumisoht, h\u00fclgamine jms.\/ Samuti v\u00f5ivad \u00fclitugevat m\u00f5ju\u00a0avaldada kehalised vigastused sh. kukkumised, t\u00f5sine haigus, meditsiinilised\u00a0protseduurid, haiglaravi jne.\u00a0Pange t\u00e4hele muutusi lapse k\u00e4itumises ja seisundis, eriti vahetult peale\u00a0juhtunut<\/p>\n<p>Loe edasi:\u00a0<a href=\"https:\/\/www.hm.ee\/sites\/default\/files\/juhised_lapsevanematele.pdf\">https:\/\/www.hm.ee\/sites\/default\/files\/juhised_lapsevanematele.pdf<\/a><\/p>\n<hr \/>\n<h2>Politsei- ja Piirivalveametilt lapsevanemale<\/h2>\n<p>K\u00f5ik oluline saab alguse kodust &#8211; meie v\u00e4\u00e4rtushinnangud, suhtumine teistesse inimestesse, meie k\u00e4itumine. Siin lehel p\u00fc\u00fcame aidata lapsevanemaid, kes soovivad \u00f5petada oma lapsi turvaliselt liiklema, hoidma ennast ja oma vara.<\/p>\n<p>Kuna last v\u00f5ib f\u00fc\u00fcsiliselt ohustada nii pahatahtlik m\u00e4ngukaaslane kui ka v\u00f5\u00f5ras v\u00f5i tuttav t\u00e4iskasvanu, tuleb lapsele \u00f5petada, kuidas enda eest seista.<\/p>\n<p>Loe edasi:\u00a0<a href=\"https:\/\/www.politsei.ee\/et\/nouanded\/lapsevanemale\/\">https:\/\/www.politsei.ee\/et\/nouanded\/lapsevanemale\/<\/a><\/p>\n<hr \/>\n<h3>Eesti Haigekassalt lapsevanemale<\/h3>\n<p>Kooliaasta alguses k\u00fcsitakse lapsevanema n\u00f5usolekut tervisekontrollide l\u00e4biviimiseks I, III, VII ja IX klassis. Nende toimumisest teavitatakse eelnevalt perekonda. Tavaliselt antakse tervisekontrolli j\u00e4rel lapsele k\u00e4tte ka teatis kontrolli tulemustest ja soovitatavatest tegevustest tervise arendamiseks.<\/p>\n<p>Enne igat vaktsineerimist peab kooli\u00f5de k\u00fcsima lapsevanemalt kirjalikku n\u00f5usolekut. See on lapse tervise huvides, v\u00e4listamaks v\u00f5imalikke vastun\u00e4idustusi. Kui pere ei soovi last vaktsineerida, tuleb seda kinnitada kirjalikult \u2013 see otsus fikseeritakse \u00f5pilase tervisekaarti.<\/p>\n<p>Loe edasi:\u00a0<a href=\"https:\/\/www.haigekassa.ee\/et\/inimesele\/arsti-ja-oendusabi\/koolitervishoid\/lapsevanemale\">https:\/\/www.haigekassa.ee\/et\/inimesele\/arsti-ja-oendusabi\/koolitervishoid\/lapsevanemale<\/a><\/p>\n<hr \/>\n<h2 class=\"kysimus anim text-et\">Kas Sina tead kui vanalt ja kuidas tuleks\u00a0oma lapsega tubaka teemadel r\u00e4\u00e4kida?<\/h2>\n<p><a href=\"http:\/\/tarkvanem.ee\/\">http:\/\/tarkvanem.ee\/<\/a><\/p>\n<hr \/>\n<p>KiVa\u00ae kiusamisvaba kooli programm Mini\u00f5pik <strong>lapsevanematele<\/strong>:<\/p>\n<p><a href=\"http:\/\/www.kivaprogram.net\/ee_lapsevanematele\/\">http:\/\/www.kivaprogram.net\/ee_lapsevanematele\/<\/a><\/p>\n<hr \/>\n<h3>Spordimeditsiini Sihtasutuse n\u00f5uandeid lapsevanemale<\/h3>\n<ul>\n<li>Julgusta last liikuma ja sportima.<\/li>\n<li>Kui m\u00e4ngid koos lapsega, siis \u00e4ra muuda m\u00e4ngu treeninguks, innusta teda l\u00f5butsema. R\u00f5\u00f5muga kordab laps oma tegevust ja nii ta arenebki.<\/li>\n<\/ul>\n<p>Loe edasi:\u00a0<a href=\"http:\/\/www.sportmed.ee\/nouanded-lapsevanematele\">http:\/\/www.sportmed.ee\/nouanded-lapsevanematele<\/a><\/p>\n<hr \/>\n<h3>Uimastitest<\/h3>\n<p>Miks noored tarvitavad uimasteid?<br \/>\nUimastite proovimise p\u00f5hjused ei pruugi olla samad, mis tarvitamise j\u00e4tkamise p\u00f5hjused.<br \/>\nEnamike noorte jaoks ei ole uimastid osa nende igap\u00e4evaelust<\/p>\n<p>Loe edasi:\u00a0<a href=\"http:\/\/www.narko.ee\/lapsevanemale\/\">http:\/\/www.narko.ee\/lapsevanemale\/<\/a><\/p>\n<hr \/>\n<h3>10 t\u00e4htsat soovitust, mida \u00f5petajad enne kooliaasta algust lapsevanematele anda tahaksid<\/h3>\n<p>Loe:\u00a0<a href=\"http:\/\/perejalaps.delfi.ee\/koolilaps\/10-tahtsat-soovitust-mida-opetajad-enne-kooliaasta-algust-lapsevanematele-anda-tahaksid?id=69530417\">http:\/\/perejalaps.delfi.ee\/koolilaps\/10-tahtsat-soovitust-mida-opetajad-enne-kooliaasta-algust-lapsevanematele-anda-tahaksid?id=69530417<\/a><\/p>\n<hr \/>\n<h3>K\u00e4tlin Konstabel: laste k\u00e4itumisprobleemide lahendus peitub siiski kodus, mitte koolis<\/h3>\n<p>Loe edasi: <a href=\"http:\/\/uudised.err.ee\/v\/arvamus\/bc527662-9a8f-4fda-b9f1-76cdb77933a3\">http:\/\/uudised.err.ee\/v\/arvamus\/bc527662-9a8f-4fda-b9f1-76cdb77933a3<\/a><\/p>\n<hr \/>\n","protected":false},"excerpt":{"rendered":"<p>Noorsoopolitseinik: tel 51943179\u00a0 Kerda Saagim\u00a0 \u00a0 kerda.saagim@politsei.ee Miks me laseme lastel endale p\u00e4he istuda? Kuidas laps targemaks muuta: 10 teaduslikult t\u00f5estatud sammu Rohkem \u00f5petlike videosid leiab\u00a0Perekeskus Sina ja Mina\u00a0vahendusel. Kuidas toetada oma last? Iga noor inimene vajab lapsevanema toetavaid s\u00f5nu ja tegusid igap\u00e4evaste otsuste tegemise juures ja kaalukamates koolil\u00f5petamise, edasi\u00f5ppimise ning teistes tulevikuga seotud k\u00fcsimustes. &hellip; <\/p>\n<p><a class=\"more-link btn\" href=\"https:\/\/tostamaa.edu.ee\/?page_id=810\">J\u00e4tka lugemist<\/a><\/p>\n","protected":false},"author":1,"featured_media":0,"parent":157,"menu_order":0,"comment_status":"closed","ping_status":"closed","template":"","meta":{"footnotes":""},"_links":{"self":[{"href":"https:\/\/tostamaa.edu.ee\/index.php?rest_route=\/wp\/v2\/pages\/810"}],"collection":[{"href":"https:\/\/tostamaa.edu.ee\/index.php?rest_route=\/wp\/v2\/pages"}],"about":[{"href":"https:\/\/tostamaa.edu.ee\/index.php?rest_route=\/wp\/v2\/types\/page"}],"author":[{"embeddable":true,"href":"https:\/\/tostamaa.edu.ee\/index.php?rest_route=\/wp\/v2\/users\/1"}],"replies":[{"embeddable":true,"href":"https:\/\/tostamaa.edu.ee\/index.php?rest_route=%2Fwp%2Fv2%2Fcomments&post=810"}],"version-history":[{"count":5,"href":"https:\/\/tostamaa.edu.ee\/index.php?rest_route=\/wp\/v2\/pages\/810\/revisions"}],"predecessor-version":[{"id":8734,"href":"https:\/\/tostamaa.edu.ee\/index.php?rest_route=\/wp\/v2\/pages\/810\/revisions\/8734"}],"up":[{"embeddable":true,"href":"https:\/\/tostamaa.edu.ee\/index.php?rest_route=\/wp\/v2\/pages\/157"}],"wp:attachment":[{"href":"https:\/\/tostamaa.edu.ee\/index.php?rest_route=%2Fwp%2Fv2%2Fmedia&parent=810"}],"curies":[{"name":"wp","href":"https:\/\/api.w.org\/{rel}","templated":true}]}}