{"id":951,"date":"2015-11-09T14:34:37","date_gmt":"2015-11-09T12:34:37","guid":{"rendered":"https:\/\/tostamaa.edu.ee\/?page_id=951"},"modified":"2016-05-20T14:09:18","modified_gmt":"2016-05-20T12:09:18","slug":"digipoore","status":"publish","type":"page","link":"https:\/\/tostamaa.edu.ee\/?page_id=951","title":{"rendered":"Digip\u00f6\u00f6re"},"content":{"rendered":"<h4>Meie blogi asub siin:\u00a0<a href=\"http:\/\/tkkdigipoore.weebly.com\/\">http:\/\/tkkdigipoore.weebly.com\/<\/a><a href=\"https:\/\/tostamaa.edu.ee\/wp-content\/uploads\/2015\/11\/DSC_1263.jpg\"><img decoding=\"async\" loading=\"lazy\" class=\"alignnone size-full wp-image-947\" src=\"https:\/\/tostamaa.edu.ee\/wp-content\/uploads\/2015\/11\/DSC_1263.jpg\" alt=\"DSC_1263\" width=\"1449\" height=\"889\" srcset=\"https:\/\/tostamaa.edu.ee\/wp-content\/uploads\/2015\/11\/DSC_1263.jpg 1449w, https:\/\/tostamaa.edu.ee\/wp-content\/uploads\/2015\/11\/DSC_1263-300x184.jpg 300w, https:\/\/tostamaa.edu.ee\/wp-content\/uploads\/2015\/11\/DSC_1263-1024x628.jpg 1024w\" sizes=\"(max-width: 1449px) 100vw, 1449px\" \/><\/a><\/h4>\n<p>T\u00f5stamaa Keskkool osaleb <strong>projektis &#8220;Digip\u00f6\u00f6re ehk \u00f5pime nutikalt&#8221;.<\/strong> Kooli arendusmeeskonda veavad \u00f5p Heili, \u00f5p Aimar ja \u00f5p Kati.\u00a0Projekti eesm\u00e4rkideks on: <strong>nutiseadmete<\/strong> (tahvel- ja s\u00fclearvutid v\u00f5i nutitelefonid)<strong> igap\u00e4evane tark ning s\u00fcsteemne integreerimine \u00f5ppeprotsessi<\/strong>; \u00f5pilaste ja \u00f5petajate <strong>digip\u00e4devuse<\/strong> ning digitaalse kirjaoskuse <strong>arengu<\/strong> <strong>toetamine<\/strong>;\u00a0<strong>koost\u00f6\u00f6<\/strong> arendamine P\u00e4rnumaa <strong>haridusasutuste<\/strong> <strong>vahel<\/strong><\/p>\n<p>Projekti \u00fclesanded<\/p>\n<p>Projektis osalevad koolid:<\/p>\n<ul>\n<li>moodustavad 3-liikmelised <strong>projektimeeskonnad<\/strong>;<\/li>\n<li>s\u00f5nastavad konkreetsed ja m\u00f5\u00f5detavad <strong>eesm\u00e4rgid<\/strong>;<\/li>\n<li>koostavad <strong>tegevuskava<\/strong> (sh koolituskava) november, 2015 \u2013 mai, 2016;<\/li>\n<li><strong>kaasavad<\/strong> projekti tegevustesse ja seatud eesm\u00e4rkide saavutamisse v\u00e4hemalt 85% personalist;<\/li>\n<li><strong>korraldavad<\/strong> v\u00e4hemalt 1 nutitunni p\u00e4evas (5 tundi n\u00e4dalas), mida kajastavad kooli digitaalses P\u00e4evaraamatus;<\/li>\n<li><strong>osalevad<\/strong> \u00fchiskoolitustel;<\/li>\n<li><strong>algatavad<\/strong> sisekoolituste s\u00fcsteemi, kus osaleb kogu \u00f5petajaskond;<\/li>\n<li><strong>loovad \u00a0<\/strong>ja avaldavad digitaalseid \u00f5ppematerjale;<\/li>\n<li><strong>jagavad<\/strong> oma kooli kogemust: digitaalne P\u00e4evaraamat, toimunud nutitundide kirjeldustega ehk \u00f5pilugudega; sisekoolitustel \u00f5pitu kirjeldamine ja avalikustamine; kogemusp\u00e4evad;<\/li>\n<li>korraldavad v\u00e4hemalt 2 avalikku DIGI\u00dcRITUST \u00f5petajatele, lapsevanematele, huvilistele \u2013 eesm\u00e4rgiga tutvustada nutiseadmete kasutamise v\u00f5imalusi \u00f5ppimisel ja \u00f5petamisel;<\/li>\n<li>teevad koost\u00f6\u00f6d v\u00e4hemalt 1 projektiv\u00e4lise kooliga (jagavad kogemusi, korraldavad \u00fchiskoolitusi\/-\u00fcritusi \u2026 jms);<\/li>\n<li>teavitavad avalikkust (sh kajastused meedias ja\/v\u00f5i sotsiaalmeedias) projekti tegevustest ja tulemustest;<\/li>\n<li>osalevad kogemusp\u00e4eval ja projekti l\u00f5pp\u00fcritusel.<\/li>\n<\/ul>\n<p>P\u00e4rnu linna Digip\u00f6\u00f6rdega saab tutvuda <a href=\"http:\/\/parnudigipoore.weebly.com\/\">http:\/\/parnudigipoore.weebly.com\/<\/a> ja <a href=\"http:\/\/vanalinnadigi.weebly.com\/paumlrnu-linna-digipoumloumlre\">http:\/\/vanalinnadigi.weebly.com\/paumlrnu-linna-digipoumloumlre<\/a><\/p>\n<p>Esimene infotund ja koolitus toimus 10.11.15 P\u00e4rnu Vanalinna P\u00f5hikoolis<\/p>\n<p>Koolituskava <a href=\"http:\/\/vanalinnadigi.weebly.com\/paumlrnu-maakonna-digipoumloumlre\">http:\/\/vanalinnadigi.weebly.com\/paumlrnu-maakonna-digipoumloumlre<\/a><\/p>\n<p><a href=\"https:\/\/tostamaa.edu.ee\/wp-content\/uploads\/2015\/11\/sisekoolitus-005-23022016.jpg\"><img decoding=\"async\" loading=\"lazy\" class=\"alignnone size-full wp-image-1297\" src=\"https:\/\/tostamaa.edu.ee\/wp-content\/uploads\/2015\/11\/sisekoolitus-005-23022016.jpg\" alt=\"sisekoolitus 005 23022016\" width=\"1505\" height=\"960\" srcset=\"https:\/\/tostamaa.edu.ee\/wp-content\/uploads\/2015\/11\/sisekoolitus-005-23022016.jpg 1505w, https:\/\/tostamaa.edu.ee\/wp-content\/uploads\/2015\/11\/sisekoolitus-005-23022016-300x191.jpg 300w, https:\/\/tostamaa.edu.ee\/wp-content\/uploads\/2015\/11\/sisekoolitus-005-23022016-1024x653.jpg 1024w\" sizes=\"(max-width: 1505px) 100vw, 1505px\" \/><\/a><\/p>\n<p>\u00d5petajate sisekoolitus 23.02.2016<\/p>\n<div class=\"embed-container\"><iframe loading=\"lazy\" title=\"Digip\u00e4ev T\u00f5stamaa koolis\" width=\"944\" height=\"531\" src=\"https:\/\/www.youtube.com\/embed\/puf6IeScVIk?feature=oembed\" frameborder=\"0\" allow=\"accelerometer; autoplay; clipboard-write; encrypted-media; gyroscope; picture-in-picture; web-share\" allowfullscreen><\/iframe><\/div>\n<p><a href=\"https:\/\/tostamaa.edu.ee\/wp-content\/uploads\/2015\/11\/nutitund.jpg\"><img decoding=\"async\" loading=\"lazy\" class=\"alignnone size-full wp-image-957\" src=\"https:\/\/tostamaa.edu.ee\/wp-content\/uploads\/2015\/11\/nutitund.jpg\" alt=\"nutitund\" width=\"1618\" height=\"960\" srcset=\"https:\/\/tostamaa.edu.ee\/wp-content\/uploads\/2015\/11\/nutitund.jpg 1618w, https:\/\/tostamaa.edu.ee\/wp-content\/uploads\/2015\/11\/nutitund-300x178.jpg 300w, https:\/\/tostamaa.edu.ee\/wp-content\/uploads\/2015\/11\/nutitund-1024x608.jpg 1024w\" sizes=\"(max-width: 1618px) 100vw, 1618px\" \/><\/a>Nutitunnis m\u00e4ngime, \u00f5pime, areneme. Nutiseade on selleks loodud ning 4. klassi ainetunni \u00fclesandeks oli erinevate \u00f5ppem\u00e4ngudega tutvumine ja nende kaudu \u00f5ppimine.<a href=\"https:\/\/tostamaa.edu.ee\/wp-content\/uploads\/2015\/11\/nutitund.jpg\"><br \/>\n<\/a><\/p>\n<p><a href=\"https:\/\/tostamaa.edu.ee\/wp-content\/uploads\/2015\/11\/vorrandisysteemid1.jpg\"><img decoding=\"async\" loading=\"lazy\" class=\"alignnone size-full wp-image-1003\" src=\"https:\/\/tostamaa.edu.ee\/wp-content\/uploads\/2015\/11\/vorrandisysteemid1.jpg\" alt=\"vorrandisysteemid\" width=\"900\" height=\"522\" srcset=\"https:\/\/tostamaa.edu.ee\/wp-content\/uploads\/2015\/11\/vorrandisysteemid1.jpg 900w, https:\/\/tostamaa.edu.ee\/wp-content\/uploads\/2015\/11\/vorrandisysteemid1-300x174.jpg 300w\" sizes=\"(max-width: 900px) 100vw, 900px\" \/><\/a>V\u00f5rrandis\u00fcsteemi graafiline lahendamine matemaatikatunnis.<a href=\"https:\/\/tostamaa.edu.ee\/wp-content\/uploads\/2015\/11\/vorrandisysteemid1.jpg\"><br \/>\n<\/a><\/p>\n<p>&nbsp;<\/p>\n<div class=\"embed-container\"><iframe loading=\"lazy\" title=\"Kuldari nutimasin tegutsemas\" width=\"944\" height=\"531\" src=\"https:\/\/www.youtube.com\/embed\/OEsfYRP2rVg?feature=oembed\" frameborder=\"0\" allow=\"accelerometer; autoplay; clipboard-write; encrypted-media; gyroscope; picture-in-picture; web-share\" allowfullscreen><\/iframe><\/div>\n<p><a href=\"https:\/\/tostamaa.edu.ee\/wp-content\/uploads\/2016\/05\/gps_m\u00e4ng.jpg\"><img decoding=\"async\" loading=\"lazy\" class=\"alignnone size-full wp-image-1610\" src=\"https:\/\/tostamaa.edu.ee\/wp-content\/uploads\/2016\/05\/gps_m\u00e4ng.jpg\" alt=\"gps_m\u00e4ng\" width=\"2048\" height=\"1367\" srcset=\"https:\/\/tostamaa.edu.ee\/wp-content\/uploads\/2016\/05\/gps_m\u00e4ng.jpg 2048w, https:\/\/tostamaa.edu.ee\/wp-content\/uploads\/2016\/05\/gps_m\u00e4ng-300x200.jpg 300w, https:\/\/tostamaa.edu.ee\/wp-content\/uploads\/2016\/05\/gps_m\u00e4ng-1024x684.jpg 1024w\" sizes=\"(max-width: 2048px) 100vw, 2048px\" \/><\/a><\/p>\n<p>GPS-m\u00e4ngurid on j\u00f5udnud l\u00f5ppunkti. \u00dcmber koolimaja oli vaja leida 10 GPS-punkti, vastata k\u00fcsimustele ja liikuda edasi. LOQUIZ \u00e4pi leiab aadressil: <a href=\"http:\/\/loquiz.com\/\" target=\"_blank\" rel=\"nofollow\">http:\/\/loquiz.com\/<\/a><\/p>\n","protected":false},"excerpt":{"rendered":"<p>Meie blogi asub siin:\u00a0http:\/\/tkkdigipoore.weebly.com\/ T\u00f5stamaa Keskkool osaleb projektis &#8220;Digip\u00f6\u00f6re ehk \u00f5pime nutikalt&#8221;. Kooli arendusmeeskonda veavad \u00f5p Heili, \u00f5p Aimar ja \u00f5p Kati.\u00a0Projekti eesm\u00e4rkideks on: nutiseadmete (tahvel- ja s\u00fclearvutid v\u00f5i nutitelefonid) igap\u00e4evane tark ning s\u00fcsteemne integreerimine \u00f5ppeprotsessi; \u00f5pilaste ja \u00f5petajate digip\u00e4devuse ning digitaalse kirjaoskuse arengu toetamine;\u00a0koost\u00f6\u00f6 arendamine P\u00e4rnumaa haridusasutuste vahel Projekti \u00fclesanded Projektis osalevad koolid: moodustavad &hellip; <\/p>\n<p><a class=\"more-link btn\" href=\"https:\/\/tostamaa.edu.ee\/?page_id=951\">J\u00e4tka lugemist<\/a><\/p>\n","protected":false},"author":1,"featured_media":0,"parent":2,"menu_order":0,"comment_status":"closed","ping_status":"closed","template":"","meta":{"footnotes":""},"_links":{"self":[{"href":"https:\/\/tostamaa.edu.ee\/index.php?rest_route=\/wp\/v2\/pages\/951"}],"collection":[{"href":"https:\/\/tostamaa.edu.ee\/index.php?rest_route=\/wp\/v2\/pages"}],"about":[{"href":"https:\/\/tostamaa.edu.ee\/index.php?rest_route=\/wp\/v2\/types\/page"}],"author":[{"embeddable":true,"href":"https:\/\/tostamaa.edu.ee\/index.php?rest_route=\/wp\/v2\/users\/1"}],"replies":[{"embeddable":true,"href":"https:\/\/tostamaa.edu.ee\/index.php?rest_route=%2Fwp%2Fv2%2Fcomments&post=951"}],"version-history":[{"count":5,"href":"https:\/\/tostamaa.edu.ee\/index.php?rest_route=\/wp\/v2\/pages\/951\/revisions"}],"predecessor-version":[{"id":1623,"href":"https:\/\/tostamaa.edu.ee\/index.php?rest_route=\/wp\/v2\/pages\/951\/revisions\/1623"}],"up":[{"embeddable":true,"href":"https:\/\/tostamaa.edu.ee\/index.php?rest_route=\/wp\/v2\/pages\/2"}],"wp:attachment":[{"href":"https:\/\/tostamaa.edu.ee\/index.php?rest_route=%2Fwp%2Fv2%2Fmedia&parent=951"}],"curies":[{"name":"wp","href":"https:\/\/api.w.org\/{rel}","templated":true}]}}